{"id":1297,"date":"2024-04-10T08:16:16","date_gmt":"2024-04-10T08:16:16","guid":{"rendered":"https:\/\/musicaliborgna.com\/?post_type=product&#038;p=1297"},"modified":"2024-04-10T08:16:16","modified_gmt":"2024-04-10T08:16:16","slug":"korg-c1-wh-pianoforte-digitale-a-mobile","status":"publish","type":"product","link":"https:\/\/musicaliborgna.com\/?product=korg-c1-wh-pianoforte-digitale-a-mobile","title":{"rendered":"KORG &#8211; C1-WH PIANOFORTE DIGITALE A MOBILE"},"content":{"rendered":"<h1><strong>KORG C1-WH\u00a0<\/strong>White &#8211; Bianco. Pianoforte da studio, adotta una tastiera 88 tasti\u00a0<strong>RH3\u00a0<\/strong>a pesatura graduale con 5 curve dinamiche. Generazione sonora stereo PCM con\u00a0<strong>30 suoni<\/strong>\u00a0processati da effetti di\u00a0<strong>riverbero<\/strong>\u00a0e\u00a0<strong>chorus<\/strong>. Possiede funzioni come il\u00a0<strong>metronomo\u00a0<\/strong>e un\u00a0<strong>Recorder<\/strong>\u00a02 tracce, amplificazione\u00a0<strong>25 W x 2<\/strong>, e\u00a0<strong>3 pedali<\/strong>\u00a0standard: Damper, Soft, Sostenuto\u00a0con\u00a0<em>mezzo pedale<\/em>. Realizzato con un mobile dal design compatto ed elegante, possiede inoltre un\u00a0<strong>copritastiera\u00a0<\/strong>a chiusura graduale che\u00a0funziona anche da leggio.<\/h1>\n<hr \/>\n<h3><strong>Ascolta in questa Playlist i suoni di KORG C1<\/strong><\/h3>\n<div class=\"fluid-width-video-wrapper\"><iframe id=\"fitvid0\" title=\"YouTube video player\" src=\"https:\/\/www.youtube.com\/embed\/videoseries?list=PLmwacsrItvLP8P4R8uGdepvpU85j-KqwG\" frameborder=\"0\" allowfullscreen=\"allowfullscreen\" data-mce-fragment=\"1\"><\/iframe><\/div>\n<p><strong>KORG C1-WH<\/strong>\u00a0\u00e8 uno strumento di\u00a0avanzata concezione valida alternativa allo\u00a0strumento acustico, pu\u00f2 essere suonato ed ascoltato in cuffia senza disturbare in ogni orario e location senza bisogno di accordatura o manutenzione.\u00a0Inoltre \u00e8 dotato\u00a0di funzioni utili per lo studio o per sviluppare la creativit\u00e0 musicale come il metronomo e il Recorder 2 tracce.\u00a0<strong>KORG C1-WH\u00a0<\/strong>\u00e8 interamente<strong>\u00a0<\/strong>progettato e realizzato in Giappone una garanzia di qualit\u00e0 e durata.<\/p>\n<p><img decoding=\"async\" src=\"https:\/\/www.algameko.com\/img\/media\/images\/html\/1329aa63e039685a1493e55bae24fed6_pc_c010.jpg\" alt=\"\" \/><\/p>\n<h3><strong>C1-WH uno strumento\u00a0<\/strong><strong>Made in Japan<\/strong><\/h3>\n<p>L&#8217;intero processo produttivo di\u00a0<strong>KORG C1-WH<\/strong>, dalla realizzazione della tastiera, all&#8217;assemblaggio finale si svolge in Giappone, precisamente a Miyama-cho, Nantan-shi, nella regione di Nantan, al centro della prefettura di Kyoto, una delle zone del Giappone pi\u00f9 note per turismo e monumenti storici.<\/p>\n<p><img decoding=\"async\" title=\" C1-WH adotta la tastiera 88 tasti pesati RH3 Hammer Action 3, che riproduce l'azione meccanica di un piano a coda, compresa la variazione di tocco causata dalla diversit\u00e0 di massa dei martelli\" src=\"https:\/\/www.algameko.com\/images\/uploads\/\/KORG-C1-WH-Deatail.jpg\" alt=\" C1-WH adotta la tastiera 88 tasti pesati RH3 Hammer Action 3, che riproduce l'azione meccanica di un piano a coda, compresa la variazione di tocco causata dalla diversit\u00e0 di massa dei martelli\" \/><\/p>\n<h3><strong>La tastiera di\u00a0C1-WH<\/strong><\/h3>\n<p><strong>KORG C1-WH<\/strong>\u00a0impiega la tastiera pesata &#8220;<em>Hammer Action 3<\/em>&#8221; (<strong>RH3<\/strong>), che riproduce con grande precisione l&#8217;azione meccanica di un pianoforte a coda, compresa la caratteristica variazione del tocco causata dal peso dei martelli: maggiore nel registro grave dello strumento e via via pi\u00f9 leggero spostandosi verso quello acuto.\u00a0<strong>RH3\u00a0<\/strong>inoltre \u00e8 una tastiera molto reattiva nell&#8217;esecuzione dei ribattuti, e permette il controllo della dinamica estremamente preciso, grazie anche a ben cinque livelli di sensibilit\u00e0:\u00a0<em>light, normal, heavy, stable, fixed<\/em>. In questo modo \u00e8 possibile adattare la risposta dello strumento alla tecnica esecutiva di ogni pianista.<\/p>\n<h3><strong>Il Design di C1-WH<\/strong><\/h3>\n<p>La nuova filosofia di design adottata nella realizzazione di\u00a0<strong>C1-WH<\/strong>, rende omaggio da un lato al profilo tipico del pianoforte acustico tradizionale, mentre dall&#8217;altro intende distinguersi dall\u2019aspetto ordinario di altri prodotti simili sul mercato. Il suo design moderno adotta alcuni elementi distintivi come le due gambe leggermente ricurve che ne sottolineano elegantemente il profilo, e la linea sottile con soli 26 cm (10.24&#8243;) di profondit\u00e0, che lo rende facilmente collocabile in qualsiasi ambiente. La tastiera \u00e8 protetta da un apposito coperchio dalla chiusura &#8220;<em>soft<\/em>&#8220;, che funge contemporaneamente da leggio quando \u00e8 aperto.\u00a0<strong>C1-WH<\/strong>\u00a0\u00e8 disponibile nei colori: nero, bianco, marrone, per potersi facilmente integrare in qualsiasi stile d&#8217;arredamento.<\/p>\n<p>(*\u00a0<em>Escluso il dispositivo antiribaltamento<\/em>)<\/p>\n<p><img decoding=\"async\" title=\"la linea sottile di C1-WH con soli 26 cm lo rende facilmente collocabile in qualsiasi ambiente o arredamento\" src=\"https:\/\/www.algameko.com\/images\/uploads\/\/KORG-C1-WH-Deatail-02.jpg\" alt=\"la linea sottile di C1-WH con soli 26 cm lo rende facilmente collocabile in qualsiasi ambiente o arredamento\" \/><\/p>\n<h3><strong>C1-WH\u00a0I suoni di pianoforte<\/strong><\/h3>\n<p>Il suono di un pianoforte cambia in modo significativo in base al modo con cui viene suonato. Per poter ottenere questo livello di potenza espressiva su uno strumento digitale, sono stati selezionati con cura due pianoforti a coda da concerto da pianisti professionisti, regolati e accordati opportunamente da tecnici di grande esperienza e campionati dagli ingegneri KORG.\u00a0Questo complesso procedimento consente all\u2019utente di C1-WH di simulare l&#8217;esperienza di suonare un grande piano a coda tedesco o giapponese, strumenti scelti con cura in base alla loro capacit\u00e0 di riprodurre un ampio spettro di frequenze, per poter praticare tutti i principali generi musicali: dalle sfumature pi\u00f9 raffinale ed intense della musica classica, al suono brillante e potente necessario per il Jazz ed il Pop.\u00a0<strong>C\u00a0-BK<\/strong>\u00a0\u00e8 in grado di riprodurre con naturalezza ed in modo soddisfacente tutte queste ambientazioni musicali.<\/p>\n<ul>\n<li><strong>Damper Resonance :\u00a0<\/strong>entrambi i suoni di Piano Acustico: German Grand Piano e Japanese Grand Piano, possiedono la &#8220;<em>Damper resonance<\/em>&#8220;, il caratteristico effetto prodotto dalla risonanza simpatetica delle corde di un piano, quando viene premuto il pedale\u00a0<em>Damper\u00a0<\/em><\/li>\n<li><strong>Rilascio del tasto &#8211; Key-Off :\u00a0<\/strong>Il\u00a0<strong>Key-Off<\/strong>\u00a0riproduce accuratamente il caratteristico suono del rilascio dei tasti nello strumento acustico. La combinazione del\u00a0<strong>Damper Resonance<\/strong>\u00a0e del\u00a0<strong>Key Off<\/strong>\u00a0porta il realismo di\u00a0<strong>KORG C1-WH<\/strong>\u00a0ad un livello superiore.<\/li>\n<\/ul>\n<h4><strong>C1-WH La libreria sonora<\/strong><\/h4>\n<p><strong>German Grand piano<\/strong>\u00a0\u00e8 caratterizzato da un carattere globale ricco e potente, con bassi profondi ed acuti brillanti.\u00a0<strong>Japanese Gran Piano<\/strong>\u00a0possiede un suono dinamico e timbricamente versatile, che gli permette di rendere in modo ottimale su molti generi musicali, dalla classica, al Jazz al Pop. Oltre ai pianoforti acustici\u00a0<strong>C1-WH<\/strong>\u00a0mette a disposizione suoni di piano elettrico, organi, Clav, vibrafoni, chitarre acustiche, archi e molto altro, per un totale di 30 suoni molto espressivi. Sono anche disponibili tre effetti d&#8217;alta qualit\u00e0: brilliance, riverbero, e chorus, gi\u00e0 regolati in modo ottimale per ogni suono, in questo modo \u00e8 sufficiente solo selezionare un timbro, e suonare immediatamente, senza pensare ad altro.<\/p>\n<p><img decoding=\"async\" title=\"Il sistema di altoparlanti di C1-WH \u00e8 stato progettato appositamente, per riprodurre in modo incredibilmente realistico il suono dei pianoforti acustici e degli altri timbri strumentali\" src=\"https:\/\/www.algameko.com\/images\/uploads\/\/KORG-C1-WH-1200x630-01.jpg\" alt=\"Il sistema di altoparlanti di C1-WH \u00e8 stato progettato appositamente, per riprodurre in modo incredibilmente realistico il suono dei pianoforti acustici e degli altri timbri strumentali\" \/><\/p>\n<h3><strong>Lo Stereo Sound Optimizer di\u00a0C1-WH<\/strong><\/h3>\n<p>Questo dispositivo conferisce maggiore presenza al suono riprodotto utilizzando le cuffie, dando l\u2019impressione di suonare un autentico piano acustico. Senza affaticare mai l\u2019ascolto anche dopo ore di studio o di esercizio sullo strumento.<\/p>\n<h3><strong>L&#8217;amplificazione di C1-WH<\/strong><\/h3>\n<p>Il sistema di altoparlanti di C1-WH \u00e8 stato progettato appositamente, per riprodurre in modo incredibilmente realistico il suono dei pianoforti acustici e degli altri timbri strumentali.\u00a0Altoparlanti di alta qualit\u00e0 sono pilotati da 2 amplificatori da 25W, in grado di generare un suono chiaro e profondo, con bassi incredibilmente definiti e pieni, ed una gamma acuta brillante e naturale, che restituisce in pieno la gamma dinamica e la forza espressiva di un vero pianoforte a coda.<\/p>\n<h4><strong>Il Song Recorder di C1-WH<\/strong><\/h4>\n<p>C1-WH possiede un registratore digitale 2 tracce per memorizzare immediatamente ogni esecuzione. In questo modo \u00e8 possibile analizzarla per verificare i progressi nello studio, oppure semplicemente archiviarla. \u00c8 possibile registrare ogni mano in modo indipendente, o registrare una traccia aggiuntiva su un brano gi\u00e0 registrato in precedenza. La velocit\u00e0 di riproduzione pu\u00f2 essere regolata successivamente, e nella memoria interna possono essere salvati fino a 99 brani diversi.<\/p>\n<h3><strong>Il pannello di controllo di\u00a0C1-WH<\/strong><\/h3>\n<p>Nella libreria interna ci sono alcuni Preset con un basso gi\u00e0 assegnato nella parte inferiore della tastiera per eseguire performance\u00a0Jazz suonando con il piano in\u00a0<strong>Split<\/strong>. E&#8217; inoltre possibile sovrapporre due timbri come pianoforte ed archi premendo due tasti contemporaneamente per performance di tipo orchestrale.\u00a0<strong>C1-BR<\/strong>\u00a0possiede inoltre la funzione &#8220;Partner&#8221;\u00a0che\u00a0divide la tastiera in due sezioni sinistra e destra con la stessa estensione e\u00a0ciascuna dotata di un proprio pedale, un ottimo metodo questo per esercitarsi con il proprio insegnante.<\/p>\n<h3><strong>La libreria pianistica di C1-WH<\/strong><\/h3>\n<p>Oltre a dieci brani dimostrativi che illustrano le possibilit\u00e0 dei vari suoni, su C1-WH, sono presenti anche 40 brani pianistici di grande utilit\u00e0 didattica. \u00c8 possibile regolare la loro velocit\u00e0 di tempo, controllare la riproduzione delle mani destra e sinistra, e la funzione &#8220;A-B Repeat&#8221; per esercitarsi con le sezioni pi\u00f9 complesse.<\/p>\n<h3><strong>I Tre pedali con mezzo-pedale di\u00a0C1-WH<\/strong><\/h3>\n<p>I pedali sono un elemento essenziale in ogni pianoforte, C1-WH \u00e8 dotato dei tre pedali standard di un piano a coda: Damper, Soft e Sostenuto.\u00a0Inoltre, i pedali Damper e Soft sono dotati di funzione &#8220;mezzo pedale&#8221; (<em>half-pedaling<\/em>), per ottenere maggiori dettagli espressivi.<\/p>\n<p><img decoding=\"async\" src=\"https:\/\/www.algameko.com\/img\/media\/images\/html\/01e94560fb22e984aef117df3fffe6c4_pc_d2fc.jpg\" alt=\"\" \/><\/p>\n<p><strong>C1-WH\u00a0<\/strong>Appartiene alla serie di pianoforti digitali\u00a0<strong>CONCERT di KORG,<\/strong>\u00a0una serie che<strong>\u00a0<\/strong>fissa un nuovo standard di riferimento nel settore dei pianoforti digitali. \u00c8 stata progettata per riprodurre il suono, il tocco e la sensazione reale di una performance in una sala da concerto, su uno dei migliori pianoforti a coda di tutto il mondo.<\/p>\n<h2 align=\"center\"><u><strong>KORG C1-WH SPECIFICHE TECNICHE<\/strong><\/u><\/h2>\n<ul>\n<li><strong>Colori:\u00a0<\/strong>Nero\u00a0<a href=\"https:\/\/www.algameko.com\/it\/pianoforti-digitali-home\/korg\/c1bk\"><strong>C1-BK<\/strong><\/a>, Marrone legno\u00a0<a href=\"https:\/\/www.algameko.com\/it\/pianoforti-digitali-home\/korg\/c1br\"><strong>C1 -BR<\/strong><\/a>, Bianco\u00a0<strong>C1 -WH<\/strong><\/li>\n<li><strong>Tastiera :\u00a0<\/strong>88 tasti (A0\u2013C8), RH3 (Real Weighted Hammer Action 3)<\/li>\n<li><strong>Curve dinamiche &#8211;\u00a0<\/strong>5 Tipi<\/li>\n<li><strong>Intonazione &#8211;\u00a0<\/strong>Transpose, Master tuning<\/li>\n<li><strong>Temperamenti &#8211;\u00a0<\/strong>3 Tipi<\/li>\n<li><strong>Generazione sonora &#8211;\u00a0<\/strong>Stereo PCM<\/li>\n<li><strong>Polifonia massima &#8211;<\/strong>120 voci (max.)<\/li>\n<li><strong>Suoni\u00a0<\/strong>30 (10 x 3 banchi)<\/li>\n<li><strong>Effetti &#8211;\u00a0<\/strong>Brilliance, Reverb e Chorus (3 livelli ognuno)<\/li>\n<li><strong>Recorder &#8211;\u00a0<\/strong>2 parti*, 14,000 note max. (circa 100 kB) *\u00a0<em>Non \u00e8 possibile cambiare suono sulle parti.<\/em><\/li>\n<li><strong>Demo Songs &#8211;\u00a0<\/strong>50 (Sound demo songs: 10, Piano songs: 40)<\/li>\n<li><strong>Metronomo &#8211;\u00a0<\/strong>Tempo, beat, sounds, livello<\/li>\n<li><strong>Pedali &#8211;\u00a0<\/strong>Damper*, Soft*, Sostenuto &#8211;\u00a0*\u00a0<em>Half-pedaling supportato<\/em><\/li>\n<li><strong>Connessioni &#8211;\u00a0<\/strong>LINE OUT, MIDI (IN, OUT), USB, cuffia x 2, Pedali, Altoparlanti, DC 24 V<\/li>\n<li><strong>Controlli &#8211;\u00a0<\/strong>Power, VOLUME, PIANO SONG, TRANSPOSE, FUNCTION, TOUCH, BRILLIANCE, REVERB, CHORUS, BANK, SOUNDS X 10, DISPLAY, +, -, METRONOME, PLAY\/PAUSE, STOP, REC, PART1, PART2<\/li>\n<li><strong>Altoparlanti &#8211;\u00a0<\/strong>10 cm (3.94&#8243;) x 2<\/li>\n<li><strong>Potenza d\u2019uscita &#8211;\u00a0<\/strong>25 W x 2<\/li>\n<li><strong>Alimentazione &#8211;\u00a0<\/strong>DC 24 V<\/li>\n<li><strong>Consumo &#8211;\u00a0<\/strong>18 W<\/li>\n<li><strong>Dimensioni\u00a0<\/strong>(W x D x H)<\/li>\n<li>1346 mm x 347 mm x 770 mm \/ 52.99&#8243; x 13.66&#8243; x 30.31&#8243;<\/li>\n<li>1346 mm x 347 mm x 926 mm \/ 52.99&#8243; x 13.66&#8243; x 36.46&#8243; (copritastiera aperto)<\/li>\n<li><strong>Peso &#8211;\u00a0<\/strong>35 Kg \/ 77.16 lbs. (stand incluso)<\/li>\n<li><strong>Accessori in dotazione &#8211;\u00a0<\/strong>Adattatore AC, Stand dedicato<\/li>\n<\/ul>\n","protected":false},"excerpt":{"rendered":"<p>C1-WH Colore: Bianco, piano da studio, Modello senza Bluetooth, German&amp;Japanese Piano, 30 suoni Stereo PCM,<\/p>\n<p>polifonia 120 voci, Brilliance, Chorus, Riverbero. Tastiera RH3 pesata 88 tasti.<\/p>\n<p>Recorder, Metronomo, 3 Pedali: Damper, Soft, Sostenuto, Ampli. 25Wx2; LINE OUT, MIDI:IN-OUT, Cuffiex2.<\/p>\n","protected":false},"featured_media":1298,"template":"","meta":[],"product_brand":[],"product_cat":[136],"product_tag":[],"class_list":{"0":"post-1297","1":"product","2":"type-product","3":"status-publish","4":"has-post-thumbnail","6":"product_cat-pianoforti","8":"first","9":"instock","10":"shipping-taxable","11":"product-type-simple"},"_links":{"self":[{"href":"https:\/\/musicaliborgna.com\/index.php?rest_route=\/wp\/v2\/product\/1297","targetHints":{"allow":["GET"]}}],"collection":[{"href":"https:\/\/musicaliborgna.com\/index.php?rest_route=\/wp\/v2\/product"}],"about":[{"href":"https:\/\/musicaliborgna.com\/index.php?rest_route=\/wp\/v2\/types\/product"}],"wp:featuredmedia":[{"embeddable":true,"href":"https:\/\/musicaliborgna.com\/index.php?rest_route=\/wp\/v2\/media\/1298"}],"wp:attachment":[{"href":"https:\/\/musicaliborgna.com\/index.php?rest_route=%2Fwp%2Fv2%2Fmedia&parent=1297"}],"wp:term":[{"taxonomy":"product_brand","embeddable":true,"href":"https:\/\/musicaliborgna.com\/index.php?rest_route=%2Fwp%2Fv2%2Fproduct_brand&post=1297"},{"taxonomy":"product_cat","embeddable":true,"href":"https:\/\/musicaliborgna.com\/index.php?rest_route=%2Fwp%2Fv2%2Fproduct_cat&post=1297"},{"taxonomy":"product_tag","embeddable":true,"href":"https:\/\/musicaliborgna.com\/index.php?rest_route=%2Fwp%2Fv2%2Fproduct_tag&post=1297"}],"curies":[{"name":"wp","href":"https:\/\/api.w.org\/{rel}","templated":true}]}}