{"id":1390,"date":"2024-04-17T15:26:24","date_gmt":"2024-04-17T15:26:24","guid":{"rendered":"https:\/\/musicaliborgna.com\/?post_type=product&#038;p=1390"},"modified":"2024-04-17T15:26:24","modified_gmt":"2024-04-17T15:26:24","slug":"mono-m80-classic-sleeve-custodia-per-chitarra-elettrica","status":"publish","type":"product","link":"https:\/\/musicaliborgna.com\/?product=mono-m80-classic-sleeve-custodia-per-chitarra-elettrica","title":{"rendered":"MONO &#8211; M80 CLASSIC SLEEVE CUSTODIA PER CHITARRA ELETTRICA"},"content":{"rendered":"<h1>La\u00a0<strong>M80-SEG-ASH Sleeve Electric Guitar Case Ash<\/strong>\u00a0\u00e8 la\u00a0<strong>custodia per chitarra elettrica<\/strong>\u00a0della serie\u00a0<strong>M80 Classic<\/strong>\u00a0dal design semplice e minimale di casa\u00a0<strong>MONO<\/strong>. Il sistema\u00a0<strong>Top Loading\u00ae<\/strong>\u00a0permette di riporre agevolmente la chitarra, mentre gli standard protettivi di MONO la mantengono al sicuro. Colorazione\u00a0<strong>Ash<\/strong>.<\/h1>\n<h2>PANORAMICA<\/h2>\n<p>La custodia per chitarra elettrica\u00a0<strong>M80-SEG-BLK Sleeve<\/strong>\u00a0\u00e8 stata progettata per essere una soluzione minimalista per viaggiare in modo semplice e leggero, ed \u00e8 il punto in cui l&#8217;innovativa protezione e gli standard costruttivi di alta qualit\u00e0 di MONO si fondono in un design sottile ed elegante.<\/p>\n<h3><strong>Protezione a 360\u00b0<\/strong><\/h3>\n<p>La M80-SEG-BLK \u00e8\u00a0<strong>Top-Loading\u00ae<\/strong>, sistema che consente un rapido accesso dall&#8217;alto. Il suo design consente di aprire rapidamente la custodia e di estrarre la chitarra dalla parte superiore. Ci\u00f2 \u00e8 possibile grazie a una cerniera diagonale nascosta sul pannello anteriore che permette alla custodia di aprirsi naturalmente verso l&#8217;esterno e verso destra. Grazie a questo sistema non \u00e8 necessario appoggiare la custodia sul pavimento per riporre ed estrarre la chitarra. Questa custodia presenta una variante pi\u00f9 sottile dell&#8217;<strong>Headlock\u00ae<\/strong>, il sistema di sospensione del manico brevettato da MONO. Questo Headlock\u00ae pi\u00f9 sottile \u00e8 realizzato in solida gomma\u00a0<strong>EVA<\/strong>\u00a0che assorbe gli urti e protegge il manico e la paletta dagli impatti durante le cadute. Quando la custodia viene chiusa con la zip, il manico viene automaticamente fissato all&#8217;interno della scanalatura sagomata. Sul fondo, la M80-SEG-BLK \u00e8 dotata di una soletta in EVA super sottile per tenere il corpo lontano da terra e proteggere il bottone della tracolla da eventuali urti quando la custodia viene appoggiata con troppa forza.<\/p>\n<h3><strong>Design smart<\/strong><\/h3>\n<p>La M80-SEG-BLK \u00e8 dotata di una tasca in stile &#8220;messenger bag&#8221;, perfetta per riporre piccoli computer portatili, tablet, notebook, cavi e altri oggetti che possono servire quando si viaggia leggeri. Una piccola tasca interna in rete consente di tenere a portata di mano gli oggetti pi\u00f9 importanti.<\/p>\n<h3><strong>Costruita per durare<\/strong><\/h3>\n<p>Le custodie MONO sono costruite secondo specifiche militari, utilizzando materiali di alta qualit\u00e0 con un&#8217;estrema resistenza all&#8217;abrasione e agli agenti atmosferici. All&#8217;interno, la fodera morbida protegge le delicate finiture delle chitarre. All&#8217;esterno, il guscio resistente all&#8217;acqua permette di muoversi con la pioggia o con il sole.<\/p>\n<h3><strong>Maniglia rivettata e fibbia in acciaio<\/strong><\/h3>\n<p>Le solide maniglie industriali in fettuccia garantiscono una presa salda. Le cuciture e i rivetti in acciaio ne rafforzano la resistenza, mentre la fettuccia di alta qualit\u00e0 offre una presa confortevole. Una fibbia in acciaio fissa la custodia con una fettuccia industriale.<\/p>\n<h2>DIMENSIONI<\/h2>\n<p><strong>Dimensioni interne:<\/strong>\u00a0106,7cm x 38,1cm x 2,5cm<br \/>\n<strong>Dimensioni esterne:<\/strong>\u00a0113,0cm x 43,2cm x 6,4cm<br \/>\n<strong>Dimensioni della tasca esterna:<\/strong>\u00a024,1cm \/ 38,1cm x 30,5cm x 5,1cm<br \/>\n<strong>Peso:<\/strong>\u00a01,9 kg<br \/>\nLa M80-SEG-BLK non \u00e8 compatibile con il sistema Tick.<\/p>\n","protected":false},"excerpt":{"rendered":"<p>La M80-SEG-ASH Sleeve Electric Guitar Case Ash \u00e8 la custodia per chitarra elettrica<\/p>\n<p>della serie M80 Classic dal design semplice e minimale di casa MONO.\u00a0Colorazione Ash.<\/p>\n","protected":false},"featured_media":1391,"template":"","meta":[],"product_brand":[],"product_cat":[152],"product_tag":[],"class_list":{"0":"post-1390","1":"product","2":"type-product","3":"status-publish","4":"has-post-thumbnail","6":"product_cat-custodie_e_borse","8":"first","9":"instock","10":"shipping-taxable","11":"product-type-simple"},"_links":{"self":[{"href":"https:\/\/musicaliborgna.com\/index.php?rest_route=\/wp\/v2\/product\/1390","targetHints":{"allow":["GET"]}}],"collection":[{"href":"https:\/\/musicaliborgna.com\/index.php?rest_route=\/wp\/v2\/product"}],"about":[{"href":"https:\/\/musicaliborgna.com\/index.php?rest_route=\/wp\/v2\/types\/product"}],"wp:featuredmedia":[{"embeddable":true,"href":"https:\/\/musicaliborgna.com\/index.php?rest_route=\/wp\/v2\/media\/1391"}],"wp:attachment":[{"href":"https:\/\/musicaliborgna.com\/index.php?rest_route=%2Fwp%2Fv2%2Fmedia&parent=1390"}],"wp:term":[{"taxonomy":"product_brand","embeddable":true,"href":"https:\/\/musicaliborgna.com\/index.php?rest_route=%2Fwp%2Fv2%2Fproduct_brand&post=1390"},{"taxonomy":"product_cat","embeddable":true,"href":"https:\/\/musicaliborgna.com\/index.php?rest_route=%2Fwp%2Fv2%2Fproduct_cat&post=1390"},{"taxonomy":"product_tag","embeddable":true,"href":"https:\/\/musicaliborgna.com\/index.php?rest_route=%2Fwp%2Fv2%2Fproduct_tag&post=1390"}],"curies":[{"name":"wp","href":"https:\/\/api.w.org\/{rel}","templated":true}]}}