{"id":1749,"date":"2024-04-27T14:15:13","date_gmt":"2024-04-27T14:15:13","guid":{"rendered":"https:\/\/musicaliborgna.com\/?post_type=product&#038;p=1749"},"modified":"2024-04-27T14:16:22","modified_gmt":"2024-04-27T14:16:22","slug":"borsa-per-cuffie-premium-xt","status":"publish","type":"product","link":"https:\/\/musicaliborgna.com\/?product=borsa-per-cuffie-premium-xt","title":{"rendered":"BORSA PER CUFFIE PREMIUM XT"},"content":{"rendered":"<div class=\"container-wide fw-img\">\n<div class=\"container text-center\">\n<p class=\"content\">\n<\/div>\n<div class=\"img-container\">\n<div class=\"img-wrapper\"><img decoding=\"async\" class=\"img-responsive\" src=\"https:\/\/www.reloop.com\/media\/wysiwyg\/reloop\/products\/premiumheadphonebagxt\/01_middle.jpg\" alt=\"Borsa per cuffie Reloop Premium XT\" \/><\/div>\n<\/div>\n<\/div>\n<div class=\"container-wide bg-image bg-right\">\n<div class=\"container text-center\">\n<div class=\"row\">\n<div class=\"col-sm-6 text-placed\">\n<h3 class=\"heading\">LEGGERO E RESISTENTE<\/h3>\n<p class=\"content\">Realizzata in leggera schiuma EVA modellata Durashock con un guscio esterno in poliestere resistente, la borsa protegge le tue cuffie dalle comuni minacce di viaggio come urti, schizzi, sporco e polvere.<\/p>\n<\/div>\n<\/div>\n<\/div>\n<\/div>\n<div class=\"container-wide bg-image bg-left\">\n<div class=\"container text-center\">\n<div class=\"row\">\n<div class=\"col-sm-6 col-sm-offset-6 text-placed\">\n<h3 class=\"heading\">ORGANIZZATO E FLESSIBILE<\/h3>\n<p class=\"content\">La borsa \u00e8 dotata di una comoda maniglia per un facile trasporto e di un moschettone per un facile aggancio al bagaglio. Inoltre, \u00e8 dotata di una tracolla regolabile e staccabile, che garantisce flessibilit\u00e0 nel modo in cui pu\u00f2 essere trasportata. Una tasca in rete all&#8217;interno ti aiuta a mantenere organizzati i cavi e gli accessori. Le cerniere resistenti sono costruite per resistere all&#8217;uso quotidiano.<\/p>\n<\/div>\n<\/div>\n<\/div>\n<\/div>\n","protected":false},"excerpt":{"rendered":"<p>Il compagno perfetto per i DJ e gli amanti della musica in movimento.<\/p>\n<p>Progettata per praticit\u00e0 e protezione, la borsa per cuffie Reloop Premium XT<\/p>\n<p>combina un esterno elegante e resistente con caratteristiche intelligenti.<\/p>\n<p>Pu\u00f2 contenere le cuffie DJ pi\u00f9 comuni per una vestibilit\u00e0 sicura durante il viaggio.<\/p>\n","protected":false},"featured_media":1752,"template":"","meta":[],"product_brand":[],"product_cat":[152],"product_tag":[],"class_list":{"0":"post-1749","1":"product","2":"type-product","3":"status-publish","4":"has-post-thumbnail","6":"product_cat-custodie_e_borse","8":"first","9":"instock","10":"shipping-taxable","11":"product-type-simple"},"_links":{"self":[{"href":"https:\/\/musicaliborgna.com\/index.php?rest_route=\/wp\/v2\/product\/1749","targetHints":{"allow":["GET"]}}],"collection":[{"href":"https:\/\/musicaliborgna.com\/index.php?rest_route=\/wp\/v2\/product"}],"about":[{"href":"https:\/\/musicaliborgna.com\/index.php?rest_route=\/wp\/v2\/types\/product"}],"wp:featuredmedia":[{"embeddable":true,"href":"https:\/\/musicaliborgna.com\/index.php?rest_route=\/wp\/v2\/media\/1752"}],"wp:attachment":[{"href":"https:\/\/musicaliborgna.com\/index.php?rest_route=%2Fwp%2Fv2%2Fmedia&parent=1749"}],"wp:term":[{"taxonomy":"product_brand","embeddable":true,"href":"https:\/\/musicaliborgna.com\/index.php?rest_route=%2Fwp%2Fv2%2Fproduct_brand&post=1749"},{"taxonomy":"product_cat","embeddable":true,"href":"https:\/\/musicaliborgna.com\/index.php?rest_route=%2Fwp%2Fv2%2Fproduct_cat&post=1749"},{"taxonomy":"product_tag","embeddable":true,"href":"https:\/\/musicaliborgna.com\/index.php?rest_route=%2Fwp%2Fv2%2Fproduct_tag&post=1749"}],"curies":[{"name":"wp","href":"https:\/\/api.w.org\/{rel}","templated":true}]}}