{"id":2037,"date":"2024-05-03T09:32:28","date_gmt":"2024-05-03T09:32:28","guid":{"rendered":"https:\/\/musicaliborgna.com\/?post_type=product&#038;p=2037"},"modified":"2024-05-03T09:32:29","modified_gmt":"2024-05-03T09:32:29","slug":"algam-lighting-h1500-pro-macchina-nebbia-1500w","status":"publish","type":"product","link":"https:\/\/musicaliborgna.com\/?product=algam-lighting-h1500-pro-macchina-nebbia-1500w","title":{"rendered":"ALGAM LIGHTING &#8211; H1500-PRO MACCHINA NEBBIA 1500W"},"content":{"rendered":"<h3><strong>Algam Lighting H1500-PRO Macchina HAZE 1500W<\/strong><\/h3>\n<p>La\u00a0<strong>macchina del fumo H1500-PRO di Algam Lighting \u00e8 alloggiata in un robusto flight case<\/strong>\u00a0per un facile trasporto e diventer\u00e0 subito indispensabile per migliorare i tuoi spettacoli di luci. Discreto, con una\u00a0<strong>portata massima superiore a 1000 metri cubi al minuto<\/strong>, un\u00a0<strong>basso consumo di fluido di circa 12 ml al minuto<\/strong>\u00a0e un<strong>\u00a0tempo di riscaldamento di circa 50 secondi<\/strong>, l&#8217;H1500-PRO si riveler\u00e0 altamente efficiente in una grande variet\u00e0 di applicazioni. L&#8217;H1500-PRO \u00e8 un vero must per feste private ed eventi pubblici. Offre\u00a0<strong>diverse modalit\u00e0 operative e numerose impostazioni<\/strong>\u00a0(intervalli e durate di attivazione, timer automatico, volume di fumo in uscita, velocit\u00e0 della ventola),\u00a0<strong>tutte controllabili tramite DMX o dallo schermo di controllo con display LCD<\/strong>. Per una resa ottimale, Algam Lighting consiglia l&#8217;uso di un liquido nebbia (HAZE).<\/p>\n<p><strong>Specifiche Aggiuntive della Macchina HAZE H1500-PRO di Algam Lighting<\/strong><\/p>\n<ul>\n<li>Potenza del riscaldatore: 1500 W<\/li>\n<li>Tempo di riscaldamento: 50 secondi<\/li>\n<li>Capacit\u00e0 del serbatoio: 5 litri<\/li>\n<li>Rilevatore di serbatoio vuoto<\/li>\n<li>Consumo di fluido: 12 ml\/min quando la portata \u00e8 al 100%<\/li>\n<li>Display: LCD<\/li>\n<li>Modalit\u00e0: timer\/manuale\/DMX<\/li>\n<li>Numero di canali DMX: 2<\/li>\n<li>Ingresso\/uscita DMX: XLR a 3 pin<\/li>\n<li>Consumo energetico: 1500 W<\/li>\n<li>Fluido compatibile: utilizzare il fluido HAZE<\/li>\n<li>Dimensioni (mm): 480 x 280 x 255<\/li>\n<li>Peso (kg): 12,5<\/li>\n<li>Classe di protezione: IP20 (uso interno)<\/li>\n<li>Fornito con cavo di alimentazione Powercon<\/li>\n<\/ul>\n<p><iframe loading=\"lazy\" title=\"ALGAM LIGHTING - H1500 Pro - Machine \u00e0 brouillard (Algam Webstore)\" width=\"1220\" height=\"686\" src=\"https:\/\/www.youtube.com\/embed\/0NAUn_99DV8?feature=oembed\" frameborder=\"0\" allow=\"accelerometer; autoplay; clipboard-write; encrypted-media; gyroscope; picture-in-picture; web-share\" referrerpolicy=\"strict-origin-when-cross-origin\" allowfullscreen><\/iframe><\/p>\n<p>&nbsp;<\/p>\n<p>&nbsp;<\/p>\n","protected":false},"excerpt":{"rendered":"<p>Installata in un flight case che gli conferisce robustezza e facilit\u00e0 di trasporto,<\/p>\n<p>l&#8217;H1500-PRO \u00e8 una macchina del fumo professionale da 1500W per migliorare la tua illuminazione per eventi spettacolari.<\/p>\n","protected":false},"featured_media":2038,"template":"","meta":[],"product_brand":[],"product_cat":[135],"product_tag":[],"class_list":{"0":"post-2037","1":"product","2":"type-product","3":"status-publish","4":"has-post-thumbnail","6":"product_cat-luci","8":"first","9":"instock","10":"shipping-taxable","11":"product-type-simple"},"_links":{"self":[{"href":"https:\/\/musicaliborgna.com\/index.php?rest_route=\/wp\/v2\/product\/2037","targetHints":{"allow":["GET"]}}],"collection":[{"href":"https:\/\/musicaliborgna.com\/index.php?rest_route=\/wp\/v2\/product"}],"about":[{"href":"https:\/\/musicaliborgna.com\/index.php?rest_route=\/wp\/v2\/types\/product"}],"wp:featuredmedia":[{"embeddable":true,"href":"https:\/\/musicaliborgna.com\/index.php?rest_route=\/wp\/v2\/media\/2038"}],"wp:attachment":[{"href":"https:\/\/musicaliborgna.com\/index.php?rest_route=%2Fwp%2Fv2%2Fmedia&parent=2037"}],"wp:term":[{"taxonomy":"product_brand","embeddable":true,"href":"https:\/\/musicaliborgna.com\/index.php?rest_route=%2Fwp%2Fv2%2Fproduct_brand&post=2037"},{"taxonomy":"product_cat","embeddable":true,"href":"https:\/\/musicaliborgna.com\/index.php?rest_route=%2Fwp%2Fv2%2Fproduct_cat&post=2037"},{"taxonomy":"product_tag","embeddable":true,"href":"https:\/\/musicaliborgna.com\/index.php?rest_route=%2Fwp%2Fv2%2Fproduct_tag&post=2037"}],"curies":[{"name":"wp","href":"https:\/\/api.w.org\/{rel}","templated":true}]}}