{"id":2083,"date":"2024-05-04T13:10:37","date_gmt":"2024-05-04T13:10:37","guid":{"rendered":"https:\/\/musicaliborgna.com\/?post_type=product&#038;p=2083"},"modified":"2024-05-04T13:10:37","modified_gmt":"2024-05-04T13:10:37","slug":"bt06-sparkular-mini","status":"publish","type":"product","link":"https:\/\/musicaliborgna.com\/?product=bt06-sparkular-mini","title":{"rendered":"BT06 SPARKULAR mini"},"content":{"rendered":"<p>Realizzata in ABS anti-fiamma, SPARKULAR mini \u00e8 la macchina giusta per creare un fenomenale spettacolo non pirotecnico senza i rischi che comporta l\u2019uso dei fuochi d\u2019artificio. Uno dei problemi maggiori che nascono dall&#8217;utilizzo di queste macchine \u00e8 infatti legato a possibili bruciature, odori sgradevoli, sporco. Ci\u00f2 non avviene con SPARKULAR mini, poich\u00e9 grazie alle scintille fredde non c\u2019\u00e8 il rischio di bruciare alcun materiale dovesse venire in contatto con le stesse. Per questo \u00e8 utilizzabile senza rischi anche in ambienti chiusi.<\/p>\n<p>SPARKULAR mini \u00e8 alimentata con una polvere, una lega granulata a base di titanio, progettata e prodotta da Showven e contenuta in sacchetti di varie dimensioni (medium, small e large). Un sacchetto MINI-MEDIUM, consigliato per questa macchina, contiene a sua volta 12 bustine da 45 g, per una durata di circa 3 min cadauna. Ogni bustina di polvere \u00e8 consegnata con una card che ne abilita l\u2019uso avvicinando la stessa al sensore posteriore predisposto allo scopo.<\/p>\n<p>SPARKULAR mini \u00e8 alimentata a 220 V<sub>AC<\/sub>\u00a0tramite connettore powerCON e deve essere preriscaldata per circa 5 minuti prima dell\u2019utilizzo. La potenza \u00e8 di 400 W. Il display LCD posteriore retroilluminato fornisce una serie d\u2019informazioni sui tempi, le temperature, i canali DMX, il tipo di polvere usata ecc. La macchina \u00e8 inoltre controllabile da apposito telecomando oppure da una centralina\/mixer DMX che permette di pilotare pi\u00f9 SPARKULAR mini allo stesso tempo.<\/p>\n<p>Ultima, ma non meno importante caratteristica: con un peso di soli 4,5 kg e dimensioni di 168 x 180 x 228 mm, SPARKULAR mini \u00e8 anche facilmente trasportabile e riponibile.<\/p>\n<p><strong>Technical characteristics<\/strong><\/p>\n<ul>\n<li>Effect height: 2 &#8211; 2.5 m (with HC8200 MEDIUM), 3 &#8211; 3.5 m (with HC8200 LARGE)<\/li>\n<li>Interface: 3-pin XLR, power IN\/OUT<\/li>\n<li>Working power: 380 W<\/li>\n<li>Hopper capacity: 100 g<\/li>\n<li>HC8200 consumption rate: appr. 15 g\/min<\/li>\n<li>Working temperature: -10 to 50 \u00b0C<\/li>\n<li>Control: DMX 2 channels, wireless remote<\/li>\n<li>Dimensions: 168 x 180 x 228 mm<\/li>\n<li>Weight: 4.5 kg<iframe loading=\"lazy\" title=\"Sparkular mini\" width=\"1220\" height=\"686\" src=\"https:\/\/www.youtube.com\/embed\/nsx_IgLaxkA?feature=oembed\" frameborder=\"0\" allow=\"accelerometer; autoplay; clipboard-write; encrypted-media; gyroscope; picture-in-picture; web-share\" referrerpolicy=\"strict-origin-when-cross-origin\" allowfullscreen><\/iframe><\/li>\n<\/ul>\n","protected":false},"excerpt":{"rendered":"<p>SPARKULAR mini \u00e8 una macchina portatile, basata sulla nota piattaforma SPARKULAR,<\/p>\n<p>che produce fontane luminose fredde. Estremamente semplice da utilizzare,<\/p>\n<p>genera scintille di altezza compresa fra i 2 e i 3 m.<\/p>\n<p>Dotata di telecomando wireless (opzionale) e controllo DMX, \u00e8 ideale per feste, club, palchi,<\/p>\n<p>discoteche, eventi live, navi da crociera ecc.<\/p>\n","protected":false},"featured_media":2084,"template":"","meta":[],"product_brand":[],"product_cat":[135],"product_tag":[],"class_list":{"0":"post-2083","1":"product","2":"type-product","3":"status-publish","4":"has-post-thumbnail","6":"product_cat-luci","8":"first","9":"instock","10":"shipping-taxable","11":"product-type-simple"},"_links":{"self":[{"href":"https:\/\/musicaliborgna.com\/index.php?rest_route=\/wp\/v2\/product\/2083","targetHints":{"allow":["GET"]}}],"collection":[{"href":"https:\/\/musicaliborgna.com\/index.php?rest_route=\/wp\/v2\/product"}],"about":[{"href":"https:\/\/musicaliborgna.com\/index.php?rest_route=\/wp\/v2\/types\/product"}],"wp:featuredmedia":[{"embeddable":true,"href":"https:\/\/musicaliborgna.com\/index.php?rest_route=\/wp\/v2\/media\/2084"}],"wp:attachment":[{"href":"https:\/\/musicaliborgna.com\/index.php?rest_route=%2Fwp%2Fv2%2Fmedia&parent=2083"}],"wp:term":[{"taxonomy":"product_brand","embeddable":true,"href":"https:\/\/musicaliborgna.com\/index.php?rest_route=%2Fwp%2Fv2%2Fproduct_brand&post=2083"},{"taxonomy":"product_cat","embeddable":true,"href":"https:\/\/musicaliborgna.com\/index.php?rest_route=%2Fwp%2Fv2%2Fproduct_cat&post=2083"},{"taxonomy":"product_tag","embeddable":true,"href":"https:\/\/musicaliborgna.com\/index.php?rest_route=%2Fwp%2Fv2%2Fproduct_tag&post=2083"}],"curies":[{"name":"wp","href":"https:\/\/api.w.org\/{rel}","templated":true}]}}