{"id":2135,"date":"2024-05-04T14:21:28","date_gmt":"2024-05-04T14:21:28","guid":{"rendered":"https:\/\/musicaliborgna.com\/?post_type=product&#038;p=2135"},"modified":"2024-05-04T14:21:28","modified_gmt":"2024-05-04T14:21:28","slug":"senheiser-e-835","status":"publish","type":"product","link":"https:\/\/musicaliborgna.com\/?product=senheiser-e-835","title":{"rendered":"SENHEISER e 835"},"content":{"rendered":"<p>Microfono da palco per voce solista, progettato per funzionare sotto pressione.<\/p>\n<p>Il modello di captazione della frequenza uniforme mantiene la qualit\u00e0 del segnale quando ci si sposta dentro e fuori asse durante la performance.<\/p>\n<p>L&#8217;aumento della presenza delicata per una risposta tonale uniforme garantisce chiarezza e proiezione.<\/p>\n<p>L&#8217;effetto di prossimit\u00e0 minimo fornisce bassi e prestazioni costantemente chiari quando si canta pi\u00f9 vicino o pi\u00f9 lontano dalla capsula.<\/p>\n<p>Garanzia di 10 anni leader del settore! Tutte le parti e la manodopera sono coperte.<\/p>\n<ul>\n<li><span>Microfono cardioide dinamico per parlato e voce<\/span><\/li>\n<li><span>Attraversa i livelli alti del palco<\/span><\/li>\n<li><span>Riproduzione chiara con un&#8217;elevata presenza<\/span><\/li>\n<li><span>Qualit\u00e0 del suono costante (distanze variabili, spostamento fuori asse)<\/span><\/li>\n<li><span>Gestisce livelli elevati di pressione sonora<\/span><\/li>\n<li><span>Interruttore on\/off silenzioso opzionale<\/span><\/li>\n<li><span>Isola il rumore di movimentazione, bobina di compensazione del ronzio<\/span><\/li>\n<li><span>Eccellente rifiuto del feedback<\/span><\/li>\n<li><span>Robusto alloggiamento in metallo<\/span><\/li>\n<li>In studio, sul palco o dietro la telecamera: c&#8217;\u00e8 un motivo per cui i professionisti si rivolgono ai microfoni e alle cuffie Sennheiser da oltre 75 anni. \u00c8 la tradizione consolidata di fornire l&#8217;eccellenza audio combinata con una passione duratura per il design di qualit\u00e0 e rigorosi protocolli di produzione. Questa \u00e8 la differenza Sennheiser.<\/li>\n<\/ul>\n","protected":false},"excerpt":{"rendered":"<h5>Microfono cardioide dinamico che proietta bene e taglia i volumi elevati sul palco.<\/h5>\n<h5>Destinato alla registrazione domestica, agli studi semi-professionisti e al suono dal vivo.<\/h5>\n","protected":false},"featured_media":2136,"template":"","meta":[],"product_brand":[],"product_cat":[148],"product_tag":[],"class_list":{"0":"post-2135","1":"product","2":"type-product","3":"status-publish","4":"has-post-thumbnail","6":"product_cat-microfoni","8":"first","9":"instock","10":"shipping-taxable","11":"product-type-simple"},"_links":{"self":[{"href":"https:\/\/musicaliborgna.com\/index.php?rest_route=\/wp\/v2\/product\/2135","targetHints":{"allow":["GET"]}}],"collection":[{"href":"https:\/\/musicaliborgna.com\/index.php?rest_route=\/wp\/v2\/product"}],"about":[{"href":"https:\/\/musicaliborgna.com\/index.php?rest_route=\/wp\/v2\/types\/product"}],"wp:featuredmedia":[{"embeddable":true,"href":"https:\/\/musicaliborgna.com\/index.php?rest_route=\/wp\/v2\/media\/2136"}],"wp:attachment":[{"href":"https:\/\/musicaliborgna.com\/index.php?rest_route=%2Fwp%2Fv2%2Fmedia&parent=2135"}],"wp:term":[{"taxonomy":"product_brand","embeddable":true,"href":"https:\/\/musicaliborgna.com\/index.php?rest_route=%2Fwp%2Fv2%2Fproduct_brand&post=2135"},{"taxonomy":"product_cat","embeddable":true,"href":"https:\/\/musicaliborgna.com\/index.php?rest_route=%2Fwp%2Fv2%2Fproduct_cat&post=2135"},{"taxonomy":"product_tag","embeddable":true,"href":"https:\/\/musicaliborgna.com\/index.php?rest_route=%2Fwp%2Fv2%2Fproduct_tag&post=2135"}],"curies":[{"name":"wp","href":"https:\/\/api.w.org\/{rel}","templated":true}]}}