{"id":2243,"date":"2024-05-08T07:07:43","date_gmt":"2024-05-08T07:07:43","guid":{"rendered":"https:\/\/musicaliborgna.com\/?post_type=product&#038;p=2243"},"modified":"2024-05-08T07:07:43","modified_gmt":"2024-05-08T07:07:43","slug":"korg-kronos-special-edition","status":"publish","type":"product","link":"https:\/\/musicaliborgna.com\/?product=korg-kronos-special-edition","title":{"rendered":"KORG KRONOS Special Edition"},"content":{"rendered":"<p>La finitura con sfumature in rosso rende immediatamente riconoscibile a livello visivo questa nuova versione di\u00a0<strong>KORG KRONOS<\/strong>. Mentre dal punto di vista timbrico sono stati inseriti:\u00a0<strong>Italian Grand<\/strong>, un nuovo suono di piano a coda italiano da concerto gi\u00e0 utilizzato con successo su KORG Grandstage, e la libreria: &#8221;\u00a0<strong>KApro Showcase<\/strong>&#8220;; un\u2019accurata selezione di suoni sviluppati da\u00a0<strong>KApro\u00a0<\/strong>(*), una software house specializzata che ha gi\u00e0 realizzato per KRONOS pi\u00f9 100 Sound Library. Questi due elementi: suono e raffinata finitura, rafforzano l&#8217;inconfondibile presenza di questo strumento sul palco.<\/p>\n<p><strong>KRONOS Special Edition<\/strong>\u00a0\u00e8 disponibile in una linea composta tre modelli: 61, 73 e 88 tasti.<\/p>\n<div class=\"title_type_c\">\n<h2 class=\"header2\">Italian Piano<\/h2>\n<\/div>\n<div class=\"column_image_type_c\">\n<div class=\"box_image_type_c\"><img decoding=\"async\" src=\"https:\/\/cdn.korg.com\/it\/products\/upload\/6c773e71d653b311ec1a764ea0ee7691_pc.jpg\" alt=\"\" \/><\/div>\n<\/div>\n<div class=\"column_text_type_c\">\n<div class=\"box_text_type_c\">\n<p>Negli ultimi anni, la particolarit\u00e0 timbrica del suono, le sfumature e la dinamica di questo rinomato pianoforte a coda italiano da concerto, ha attirato su di s\u00e9 un&#8217;attenzione sempre crescente da parte dei musicisti del mondo della musica classica e del jazz, conquistando quindi il pubblico pi\u00f9 esigente. Per realizzare questo nuovo suono di KRONOS \u00e8 stato accuratamente campionato un esemplare di questo strumento gi\u00e0 usato in concorsi internazionali, e appositamente messo a punto.<\/p>\n<div class=\"title_type_a\">\n<h2 class=\"header2\">KApro Showcase<\/h2>\n<\/div>\n<div class=\"column_image_type_a\">\n<div class=\"box_image_type_a\"><img decoding=\"async\" src=\"https:\/\/cdn.korg.com\/it\/products\/upload\/53ebf200d9d43232b0785f4f3b80b1ff_pc.jpg\" alt=\"\" \/><\/div>\n<\/div>\n<div class=\"column_text_type_a\">\n<div class=\"box_text_type_a\">\n<p>Questa raccolta timbrica che comprende archi orchestrali di grande espressivit\u00e0, cos\u00ec come ottoni, fiati, cori e intere frasi musicali; \u00e8 stata realizzata da\u00a0<strong>KApro<\/strong>, un produttore che ha gi\u00e0 sviluppato oltre 100 titoli di librerie sonore per Korg. Questa collezione \u00e8 un esempio su come espandere ulteriormente la variet\u00e0 timbrica di\u00a0<strong>KRONOS\u00a0<\/strong>in base alle proprie esigenze personali.<u><\/u><\/p>\n<div class=\"image_type_p\">\n<p><img decoding=\"async\" src=\"https:\/\/cdn.korg.com\/it\/products\/upload\/725653fe4cfe3758af8a20dd5d049416_pc.jpg\" alt=\"Berlin Grand\" \/><\/p>\n<\/div>\n<div class=\"text_type_p\">\n<h3 class=\"header3\"><b>Nove sistemi di generazione sonora indipendenti<\/b><\/h3>\n<p>Ogni singolo motore sonoro di KRONOS \u00e8 un sintetizzatore in grado di operare perfettamente in modo autonomo. Ciascun sistema di sintesi impiega la tecnologia pi\u00f9 avanzata attualmente disponibile nel campo della generazione sonora. Molteplici parametri di programmazione, controllo in tempo reale, effetti integrati e percorsi di modulazione assegnabili, forniscono l\u2019ambiente ideale per la creazione di timbriche incredibili.<\/p>\n<\/div>\n<div class=\"text_type_p\">\n<h3 class=\"header3\"><b>Enhanced SGX-2 Grand Piano Sound Engine<\/b><\/h3>\n<p>Il generatore sonoro dedicato ai suoni di pianoforte di KRONOS possiede una vastissima libreria composta da campioni stereo senza loop, decadimento naturale, registrati tasto per tasto. Con l&#8217;aggiunta di strumenti unici per personalizzare il timbro di pianoforte a seconda delle vostre esigenze.<br \/>\nIl nuovo avanzato sistema di generazione SGX-2 Eredita tutte queste caratteristiche dal suo predecessore SGX-1, ed dispone un nuovo favoloso piano a coda da concerto: Berlin Grand, che si affianca ai due gi\u00e0 precedenti: German e Japanese Grand. Il nuovo Berlin Grand possiede un timbro di pianoforte estremamente armonico dotato di grande profondit\u00e0.<br \/>\nSul nuovo SGX-2 inoltre \u00e8 stata implementata la risonanza \u201csimpatetica\u201d tipica delle corde del piano acustico, ed un nuovo sample dedicato alla particolare timbrica \u201cUna Corda\u201d che nel piano acustico si ottiene premendo il \u201cPedale Soft\u201d.<\/p>\n<\/div>\n<div class=\"text_type_p\">\n<h3 class=\"header3\"><b>Accuratissima Selezione Timbrica<\/b><\/h3>\n<p>KRONOS possiede migliaia di suoni, realizzati con i vari sistemi di sintesi interni, con una memoria di circa 21GB per le waveform PCM, in grado di coprire la maggior parte degli attuali generi musicali. Ciascun suono \u00e8 stata elaborato con cura dal team dei rinomati Sound Designer di KORG.<br \/>\nL\u2019SSD interno mette a disposizione 62*GB di memoria, uno spazio enorme su cui memorizzare librerie sonore aggiuntive, sample personali e registrazioni audio.<br \/>\nLe librerie d\u2019espansione opzionali di KRONOS consentono di aggiungere nuovi suoni, realizzati da esperti programmatori, senza la necessit\u00e0 di aggiungere nuovo hardware allo strumento.<br \/>\nI Program \u201cArtist Signature\u201d mettono a disposizione a tutti gli utenti gli stessi suoni di inestimabile valore utilizzati effettivamente dai migliori musicisti in tutto il mondo.<br \/>\nSono inoltre disponibili \u201cSong Program\u201d aggiuntivi che riproducono con grande fedelt\u00e0 i suoni dei brani pi\u00f9 tipici del Rock e del Pop. Grazie a questi Program \u00e8 possibile suonare immediatamente moltissime canzoni famose con la giusta ambientazione sonora. Questi suoni universalmente noti, possono essere usati come omaggio ai brani originali, o come base per esplorazioni sonore personali.<\/p>\n<p><iframe loading=\"lazy\" title=\"KORG KRONOS SE - Loaded with the new Italian Grand Piano and KApro Showcase\" width=\"1220\" height=\"686\" src=\"https:\/\/www.youtube.com\/embed\/8p_idBuKirk?feature=oembed\" frameborder=\"0\" allow=\"accelerometer; autoplay; clipboard-write; encrypted-media; gyroscope; picture-in-picture; web-share\" referrerpolicy=\"strict-origin-when-cross-origin\" allowfullscreen><\/iframe><\/p>\n<\/div>\n<\/div>\n<\/div>\n<\/div>\n<\/div>\n","protected":false},"excerpt":{"rendered":"<h1 class=\"header1\"><a name=\"se\"><\/a>KRONOS Special Edition<br \/>\n<small><small>Questa Edizione Speciale di KRONOS possiede una elegante finitura con sfumature in rosso e il nuovo \u201cItalian Grand Piano\u201d gi\u00e0 a bordo!<\/small><\/small><\/h1>\n","protected":false},"featured_media":2244,"template":"","meta":[],"product_brand":[],"product_cat":[140],"product_tag":[],"class_list":{"0":"post-2243","1":"product","2":"type-product","3":"status-publish","4":"has-post-thumbnail","6":"product_cat-tastiere-e-synth","8":"first","9":"instock","10":"shipping-taxable","11":"product-type-simple"},"_links":{"self":[{"href":"https:\/\/musicaliborgna.com\/index.php?rest_route=\/wp\/v2\/product\/2243","targetHints":{"allow":["GET"]}}],"collection":[{"href":"https:\/\/musicaliborgna.com\/index.php?rest_route=\/wp\/v2\/product"}],"about":[{"href":"https:\/\/musicaliborgna.com\/index.php?rest_route=\/wp\/v2\/types\/product"}],"wp:featuredmedia":[{"embeddable":true,"href":"https:\/\/musicaliborgna.com\/index.php?rest_route=\/wp\/v2\/media\/2244"}],"wp:attachment":[{"href":"https:\/\/musicaliborgna.com\/index.php?rest_route=%2Fwp%2Fv2%2Fmedia&parent=2243"}],"wp:term":[{"taxonomy":"product_brand","embeddable":true,"href":"https:\/\/musicaliborgna.com\/index.php?rest_route=%2Fwp%2Fv2%2Fproduct_brand&post=2243"},{"taxonomy":"product_cat","embeddable":true,"href":"https:\/\/musicaliborgna.com\/index.php?rest_route=%2Fwp%2Fv2%2Fproduct_cat&post=2243"},{"taxonomy":"product_tag","embeddable":true,"href":"https:\/\/musicaliborgna.com\/index.php?rest_route=%2Fwp%2Fv2%2Fproduct_tag&post=2243"}],"curies":[{"name":"wp","href":"https:\/\/api.w.org\/{rel}","templated":true}]}}