{"id":2288,"date":"2024-05-10T16:13:17","date_gmt":"2024-05-10T16:13:17","guid":{"rendered":"https:\/\/musicaliborgna.com\/?post_type=product&#038;p=2288"},"modified":"2024-05-10T16:13:17","modified_gmt":"2024-05-10T16:13:17","slug":"korg-poetry-pianoforte-digitale","status":"publish","type":"product","link":"https:\/\/musicaliborgna.com\/?product=korg-poetry-pianoforte-digitale","title":{"rendered":"KORG &#8211; POETRY pianoforte digitale"},"content":{"rendered":"<h1><strong>KORG\u00a0<\/strong>\u00e8 lieta di presentare\u00a0<strong>POETRY\u00a0<\/strong>un pianoforte digitale dedicato alla figura di\u00a0<strong>Fr\u00e9d\u00e9ric<\/strong>\u00a0<strong>Chopin<\/strong>\u00a0il grande musicista polacco. Su questo strumento \u00e8 stato implementato un particolare\u00a0<strong>multi-sample<\/strong>\u00a0registrato appositamente sullo\u00a0<strong>storico piano PLEYEL 1843<\/strong>, lo strumento preferito dal maestro, e in aggiunta il suono del rinomato piano da concerto Italiano usato per il prestigioso concorso pianistico Chopin.\u00a0<strong>POETRY\u00a0<\/strong>possiede inoltre una libreria interna con una\u00a0<strong>selezione dei 50 brani<\/strong>\u00a0Chopeniani tra i pi\u00f9 noti ed eseguiti.<\/h1>\n<h2><strong>Caratteristiche di rilievo di Poetry<\/strong><\/h2>\n<ul>\n<li><strong>Due suoni di piano che celebrano la figura di Chopin<\/strong><\/li>\n<li><strong>Eleganza del Design<\/strong><\/li>\n<li><strong>Tastiera RH3\u00a0<\/strong><\/li>\n<li><strong>Tre pedali di serie<\/strong><\/li>\n<li><strong>LIbreria con 50 capolavori di Chopin<\/strong><\/li>\n<li><strong>Recorder interno\u00a0<\/strong><\/li>\n<li><strong>Funzioni esclusive<\/strong><\/li>\n<\/ul>\n<h3><strong>Due suoni di piano che celebrano la figura di Chopin<\/strong><\/h3>\n<p>KORG\u00a0<strong>Poetry\u00a0<\/strong>\u00e8 un piano digitale dedicato al leggendario\u00a0<strong>Fr\u00e9d\u00e9ric Chopin<\/strong>, storico musicista, celebre compositore e pianista classico, amato a livello internazionale, questo strumento rappresenta un modo pressoch\u00e8 unico per accostarsi in modo innovativo alla musica del Maestro.\u00a0<strong>Poetry\u00a0<\/strong>possiede\u00a0due distinte timbriche di pianoforte: il\u00a0<strong>PLEYEL<\/strong>\u00a0<strong>del 1843<\/strong>, una creazione risalente al 33\u00b0 anno di vita di Chopin, e il rinomato piano a\u00a0<strong>coda da concerto italiano<\/strong>, preferito da molti pianisti contemporanei, utilizzato soprattutto nel prestigioso\u00a0<strong>Concorso internazionale<\/strong>\u00a0<strong>Chopin\u00a0<\/strong>e su altri famosi palchi della\u00a0scena internazionale.\u00a0La timbrica del piano\u00a0<strong>PLEYEL 3<\/strong>\u00a0\u00e8 stata campionata direttamente da uno strumento originale uno dei pochi rimasti,\u00a0si articola su un&#8217;estensione di 80 tasti ed un corista (Diapason) di 430 Hz, e produce una sonorit\u00e0 particolare che rievoca in modo suggestivo il mondo sonoro che riecheggiava sotto le dita del Maestro.<\/p>\n<p><img decoding=\"async\" title=\"Poetry adotta la rinomata tastiera RH3\u00a0Real Weighted Hammer Action 3, usata con successo in molti altre tastiere e piani digitali del catalogo KORG.\u00a0RH3\u00a0emula accuratamente la sensazione tattile di un piano a coda\" src=\"https:\/\/www.algameko.com\/images\/uploads\/\/C1280220261_08.jpg\" alt=\"Poetry adotta la rinomata tastiera RH3\u00a0Real Weighted Hammer Action 3, usata con successo in molti altre tastiere e piani digitali del catalogo KORG.\u00a0RH3\u00a0emula accuratamente la sensazione tattile di un piano a coda\" \/><\/p>\n<h3><strong>Eleganza del Design<\/strong><\/h3>\n<p><strong>Poetry\u00a0<\/strong>\u00e8 realizzato con un elegante mobile\u00a0dell&#8217;esterno in legno &#8220;<em>Poetic Brown<\/em>&#8220;, ispirato alle delicate atmosfere romantiche evocate dalla musica di Chopin, con le finture in oro dei pedali\u00a0e dei puntali delle gambe che restituiscono l&#8217;impressione di un look piacevolmente Retr\u00f2. Le dimensioni dello strumento sono molto compatte con una profondit\u00e0 di soli 26 cm (esclusa la staffa antiribaltamento), con il coperchio copritastiera che funge da leggio quando \u00e8 aperto.<\/p>\n<h3><strong>La tastiera RH3 di Poetry<\/strong><\/h3>\n<p><strong>Poetry\u00a0<\/strong>adotta la rinomata tastiera\u00a0<strong>RH3\u00a0Real Weighted Hammer Action 3<\/strong>, usata con successo in molti altre tastiere e piani digitali del catalogo KORG.\u00a0RH3\u00a0emula accuratamente la sensazione tattile di un piano a coda, compresa la variazione di tocco dovuta al diverso peso dei martelli nelle zone grave ed acuta della tastiera; questa offre al musicista\u00a0una sensazione di grande solidit\u00e0\u00a0che si traduce in un maggiore controllo timbrico ed espressivo, con la possibilit\u00e0 di personalizzare la sua dinamica con 5 diverse curve di risposta:\u00a0<strong>Light, Standard, Heavy, Steady &amp; Constant.<\/strong>\u00a0RH3 \u00e8 realizzata infine con una particolare attenzione alla tutela ambientale, da questo elemento infatti \u00e8 stato bandito\u00a0l&#8217;uso di piombo o altri metalli pesanti nei martelli.<\/p>\n<h3><strong>Tre pedali di serie<\/strong><\/h3>\n<p><strong>Poetry\u00a0<\/strong>possiede i tre pedali standard del piano:\u00a0<strong>Damper, Soft, Sostenuto<\/strong>, indispensabili per eseguire ogni repertorio, compatibili con la funzione &#8220;<strong>mezzo pedale<\/strong>&#8220;. In questo modo\u00a0\u00e8 possibile introdurre in ogni esecuzione ulteriori dettagli e sfumature espressive\u00a0migliorando la ricchezza dell&#8217;articolazione musicale.<\/p>\n<p><img decoding=\"async\" title=\"Poetry possiede i tre pedali standard del piano: Damper, Soft, Sostenuto, indispensabili per eseguire ogni repertorio, compatibili con la funzione \" src=\"https:\/\/www.algameko.com\/images\/uploads\/\/C1280220261_07.jpg\" alt=\"Poetry possiede i tre pedali standard del piano: Damper, Soft, Sostenuto, indispensabili per eseguire ogni repertorio, compatibili con la funzione \" \/><\/p>\n<h3><strong>50 capolavori di Chopin<\/strong><\/h3>\n<p>La\u00a0<strong>Song Library<\/strong>\u00a0di\u00a0<strong>Poetry\u00a0<\/strong>possiede una selezione di\u00a0<strong>50 capolavori<\/strong>\u00a0chopeniani realizzati con estrema cura sul pianoforte stesso, ed \u00e8 possibile confrontare le differenze timbriche del piano italiano e del PLEYEL in\u00a0modo semplice e veloce, \u00e8 possibile usare questi brani per lo studio, per approfondire la loro conoscenza usando anche gli spartiti forniti in dotazione, o semplicemente per ascoltarli godendo la bellezza della musica prodotta.<\/p>\n<h3><strong>Il Recorder<\/strong><\/h3>\n<p><strong>Poetry\u00a0<\/strong>possiede un\u00a0<strong>Recorder\u00a0<\/strong>interno a due parti che consente di registrare e riascoltare le proprie esecuzioni, una funzione didattica utile\u00a0per valutare i propri progressi nello studio del piano, oppure creativa, per fissare istananeamente un&#8217;idea o una ispirazione musicale. E&#8217; inoltre possibile registrare separatamente le parti della mano destra o sinistra anche con una velocit\u00e0 di tempo inferiore, oppure usare il brano registrato come supporto musicale suonandoci sopra.<\/p>\n<h3><strong>Funzioni esclusive<\/strong><\/h3>\n<p><strong>Poetry\u00a0<\/strong>possiede un pratico\u00a0<strong>metronomo\u00a0<\/strong>interno\u00a0attivabile e disattivabile con il semplice tocco di un pulsante, ideale per le lezioni, lo studio quotidiano o per migliorare il proprio timing. Premendo inoltre contemporaneamente due pulsanti per la selezione dei suoni si attiva il modo Layer che consente appunto di sovrapporre due timbri per esecuzioni ancora pi\u00f9 ricche. Disponibile inoltre l&#8217;importante modalit\u00e0 didattica Partner che\u00a0consente di dividere la tastiera in due parti uguali con la stessa estensione, importante per le lezioni con un insegnante in presenza, o per eseguire brani per 2 pianoforti.<\/p>\n<h2><u><strong>Poetry Specifiche Tecniche<\/strong><\/u><\/h2>\n<ul>\n<li><strong>Tastiera<\/strong>:\u00a0 \u00a0 \u00a0 \u00a0 \u00a0 \u00a0 \u00a0 \u00a0 \u00a0 \u00a0 \u00a0 \u00a0 \u00a0<strong>RH3<\/strong>\u00a0(Real weighted hammer action 3) &#8211;\u00a088 Tasti (A0-C8)<\/li>\n<li><strong>Curve dinamiche<\/strong>:\u00a0 \u00a0 \u00a0 \u00a0 \u00a05 :\u00a0<strong>Light, Standard, Heavy, Steady &amp; Constant)<\/strong><\/li>\n<li><strong>Controllo del Pitch<\/strong>:\u00a0 \u00a0 \u00a0 \u00a0Transpose, Master tuning<\/li>\n<li><strong>Temperamento<\/strong>:\u00a0 \u00a0 \u00a0 \u00a0 \u00a0 \u00a0 3 tipi<\/li>\n<li><strong>Generazione sonora<\/strong>:\u00a0 \u00a0 Stereo PCM<\/li>\n<li><strong>Polifonia<\/strong>:\u00a0 \u00a0 \u00a0 \u00a0 \u00a0 \u00a0 \u00a0 \u00a0 \u00a0 \u00a0 \u00a0 \u00a0 120 voci (max)<\/li>\n<li><strong>Suoni<\/strong>:\u00a0 \u00a0 \u00a0 \u00a0 \u00a0 \u00a0 \u00a0 \u00a0 \u00a0 \u00a0 \u00a0 \u00a0 \u00a0 \u00a0 \u00a030 suoni suddivisi in 3 banchi con 10 suoni ciascuno<\/li>\n<li><strong>Effetti<\/strong>:\u00a0 \u00a0 \u00a0 \u00a0 \u00a0 \u00a0 \u00a0 \u00a0 \u00a0 \u00a0 \u00a0 \u00a0 \u00a0 \u00a0 \u00a0Brilliance, Reverb, Chorus (3 livelli ciascuno)<\/li>\n<li><strong>Recorder<\/strong>:\u00a0 \u00a0 \u00a0 \u00a0 \u00a0 \u00a0 \u00a0 \u00a0 \u00a0 \u00a0 \u00a0 \u00a02 parti, max 14.000 note &#8211;\u00a0(100 KB circa)<\/li>\n<li><strong>Demo Song<\/strong>:\u00a0 \u00a0 \u00a0 \u00a0 \u00a0 \u00a0 \u00a0 \u00a0 \u00a0 60:\u00a010 Demo Song, 50 brani di Chopin per Pianoforte<\/li>\n<li><strong>Metronomo<\/strong>:\u00a0 \u00a0 \u00a0 \u00a0 \u00a0 \u00a0 \u00a0 \u00a0 \u00a0 Controlli: velocit\u00e0 di Tempo, metrica (Time Signature), Accent, Sound e Volume<\/li>\n<li><strong>Pedali<\/strong>:\u00a0 \u00a0 \u00a0 \u00a0 \u00a0 \u00a0 \u00a0 \u00a0 \u00a0 \u00a0 \u00a0 \u00a0 \u00a0 \u00a0Tre pedali standard: Damper*, Sostenuto, Soft* (funzione mezzo pedale supportata)<\/li>\n<li><strong>Connessioni<\/strong>:\u00a0 \u00a0 \u00a0 \u00a0 \u00a0 \u00a0 \u00a0 \u00a0 LINE INPUT, Cuffie x 2, MIDI (IN, OUT &#8211; DIN), Pedal, SPEAKER<\/li>\n<li><strong>Controlli<\/strong>:\u00a0 \u00a0 \u00a0 \u00a0 \u00a0 \u00a0 \u00a0 \u00a0 \u00a0 \u00a0 \u00a0 Power, VOLUME, PIANO SONG, TRANSPOSE, FUNCTION, TOUCH, BRILLIANCE, REVERB, CHORUS, BANK, Sound x 10 DISPLAY, +, -, METRONOME, Play\/Pause, Stop, Record, PART1, PART2<\/li>\n<li><strong>Wireless<\/strong>:\u00a0 \u00a0 \u00a0 \u00a0 \u00a0 \u00a0 \u00a0 \u00a0 \u00a0 \u00a0 \u00a0 Bluetooth (A2DP Sink)<\/li>\n<li><strong>Speaker<\/strong>:\u00a0 \u00a0 \u00a0 \u00a0 \u00a0 \u00a0 \u00a0 \u00a0 \u00a0 \u00a0 \u00a0 2 diffusori da 10cm<\/li>\n<li><strong>Amplificazione<\/strong>:\u00a0 \u00a0 \u00a0 \u00a0 \u00a0 \u00a0 Potenza 2 x 25W<\/li>\n<li><strong>Alimentazione<\/strong>:\u00a0 \u00a0 \u00a0 \u00a0 \u00a0 \u00a0 24 V DC<\/li>\n<li><strong>Consumo<\/strong>:\u00a0 \u00a0 \u00a0 \u00a0 \u00a0 \u00a0 \u00a0 \u00a0 \u00a0 \u00a018W<\/li>\n<li><strong>Dimensioni\u00a0<\/strong>(L x P x A):\u00a01346 x 347 x 770 mm \/ 52.99 x 13.66 x 30.31 pollici &#8211;\u00a01346 x 347 x 926 mm \/ 52.99 x 13.66 x 36.46 pollici (con il coperchio della tastiera aperto)<\/li>\n<li><strong>Peso<\/strong>:\u00a0 \u00a0 \u00a0 \u00a0 \u00a0 \u00a0 \u00a0 \u00a0 \u00a0 \u00a0 \u00a0 \u00a0 \u00a0 \u00a0 \u00a035kg \/ 77.16 Ibs. (incluso Stand)<\/li>\n<li><strong>Accessori in dotazione<\/strong>:\u00a0Adattatore AC, Supporto dedicato, Spartiti per pianoforte (inclusi 23 brani di Chopin)<\/li>\n<\/ul>\n","protected":false},"excerpt":{"rendered":"<p>Piano digitale in edizione dedicata a Chopin, con la timbrica del piano Pleyel originale preferito dal musicista,<\/p>\n<p>e quella di un famoso piano da concerto italiano. Keybed RH3 88 tasti pesatura graduale ,<\/p>\n<p>30 suoni totali, polifonia 120 voci, Brilliance, Chorus, Riverbero. Recorder, Metronomo, 3 Pedal<\/p>\n","protected":false},"featured_media":2289,"template":"","meta":[],"product_brand":[],"product_cat":[136],"product_tag":[],"class_list":{"0":"post-2288","1":"product","2":"type-product","3":"status-publish","4":"has-post-thumbnail","6":"product_cat-pianoforti","8":"first","9":"instock","10":"shipping-taxable","11":"product-type-simple"},"_links":{"self":[{"href":"https:\/\/musicaliborgna.com\/index.php?rest_route=\/wp\/v2\/product\/2288","targetHints":{"allow":["GET"]}}],"collection":[{"href":"https:\/\/musicaliborgna.com\/index.php?rest_route=\/wp\/v2\/product"}],"about":[{"href":"https:\/\/musicaliborgna.com\/index.php?rest_route=\/wp\/v2\/types\/product"}],"wp:featuredmedia":[{"embeddable":true,"href":"https:\/\/musicaliborgna.com\/index.php?rest_route=\/wp\/v2\/media\/2289"}],"wp:attachment":[{"href":"https:\/\/musicaliborgna.com\/index.php?rest_route=%2Fwp%2Fv2%2Fmedia&parent=2288"}],"wp:term":[{"taxonomy":"product_brand","embeddable":true,"href":"https:\/\/musicaliborgna.com\/index.php?rest_route=%2Fwp%2Fv2%2Fproduct_brand&post=2288"},{"taxonomy":"product_cat","embeddable":true,"href":"https:\/\/musicaliborgna.com\/index.php?rest_route=%2Fwp%2Fv2%2Fproduct_cat&post=2288"},{"taxonomy":"product_tag","embeddable":true,"href":"https:\/\/musicaliborgna.com\/index.php?rest_route=%2Fwp%2Fv2%2Fproduct_tag&post=2288"}],"curies":[{"name":"wp","href":"https:\/\/api.w.org\/{rel}","templated":true}]}}