{"id":2339,"date":"2024-05-14T06:34:50","date_gmt":"2024-05-14T06:34:50","guid":{"rendered":"https:\/\/musicaliborgna.com\/?post_type=product&#038;p=2339"},"modified":"2024-05-14T06:34:50","modified_gmt":"2024-05-14T06:34:50","slug":"alesis-prestige-artist-2","status":"publish","type":"product","link":"https:\/\/musicaliborgna.com\/?product=alesis-prestige-artist-2","title":{"rendered":"ALESIS &#8211; PRESTIGE ARTIST"},"content":{"rendered":"<h1><strong>Alesis Prestige Artist<\/strong>\u00a0\u00e8 un pianoforte digitale con\u00a0<strong>tastiera 88 tasti a pesatura graduale<\/strong>\u00a0che simula la risposta al tocco tipica di un piano acustico, dotato di\u00a0<strong>30 suoni realistici<\/strong>\u00a0realizzati con la tecnica del multicampionamento, di un sistema di amplificazione micro-array integrato da 50W, una porta USB MIDI per suonare software o app musicali, due uscite cuffia per studiare e allenarti in assoluta tranquillit\u00e0, senza disturbare. Arpeggiatore e riverbero ti permettono di dare quel tocco in pi\u00f9 alle tue performance sonore.<\/h1>\n<h2><strong>Alesis Prestige Artist \u00e8 il piano digitale per lo studio e il palco<\/strong><\/h2>\n<p>Per lo studio, l\u2019allenamento o per il semplice divertimento la serie di pianoforti digitali\u00a0<strong>Prestige Artist<\/strong>\u00a0ti d\u00e0 la stessa sensazione di suonare un\u00a0<strong>pianoforte<\/strong>, grazie alla\u00a0<strong>tastiera a 7 ottave<\/strong>\u00a0con pesatura graduale configurabile in 4 differenti risposte (Soft, Medium, Hard o Fixed) per adattarla alle tue esigenze esecutive.\u00a0Il\u00a0<strong>display OLED<\/strong>\u00a0ad alta intelligibilit\u00e0 consente una pi\u00f9 immediata verifica e modifica dei parametri, ottimizzando cos\u00ec l\u2019interfaccia utente.\u00a0Queste caratteristiche rendono l\u2019<strong>Alesis Prestige Artist<\/strong>\u00a0uno strumento apprezzabile anche dagli insegnanti e dagli allievi alla ricerca di un\u2019alternativa economica per la didattica in stile classico.\u00a0Perfetto sostituto per chi non pu\u00f2 permettersi, vuoi per budget, vuoi per l\u2019ingombro, un pianoforte acustico, l\u2019<strong>Alesis Prestige Artist<\/strong>risulter\u00e0 ancor pi\u00f9 versatile se consideriamo la sua selezione di\u00a0<strong>30 suoni multi-campionati<\/strong>, il\u00a0<strong>sistema di amplificazione integrato da 50W<\/strong>, le due uscite cuffia che disattivano il sistema di altoparlanti, le uscite audio bilanciate per il collegamento ad un impianto di diffusione (mixer o amplificatore) e la\u00a0<strong>porta USB<\/strong>\u00a0che consente di estendere all\u2019infinito le possibilit\u00e0 sonore aprendo la strada all\u2019utilizzo della tastiera in modalit\u00e0\u00a0<strong>MIDI<\/strong>\u00a0con strumenti virtuali software per computer PC e Mac e con le applicazioni musicali per smartphone e tablet.<\/p>\n<p><strong>30 suoni realistici multi-campionati\u00a0\u00a0<\/strong><\/p>\n<p>Il pianoforte \u00e8 noto per la sua espressivit\u00e0, cos\u00ec come gli altri strumenti acustici, ad esempio: gli archi e le percussioni. I pianisti esperti sanno quanto le nuance esecutive rappresentino un fattore essenziale nelle performance. Ecco spiegato il motivo per il quale la Alesis ha provveduto ad un meticoloso multi-campionamento degli strumenti che costituiscono i\u00a0<strong>30 suoni integrati<\/strong>, che troveremo organizzati in\u00a0<strong>6 categorie<\/strong>\u00a0facilmente accessibili da pannello mediante la pressione dei pulsanti dedicati: pianoforti acustici, piani elettrici, organi, strumenti orchestrali, synth e bass. Ogni categoria ci presenta 5 preset di fabbrica, cio\u00e8 5 varianti. Il\u00a0<strong>piano digitale Prestige Artist<\/strong>\u00a0ci mette inoltre a disposizione 5 effetti di riverbero selezionabili. I modi\u00a0<strong>Layer<\/strong>\u00a0e\u00a0<strong>Split<\/strong>\u00a0consentono di disporre sulla tastiera di combinazioni tra due suoni differenti, suonabili in contemporanea (Layer) oppure separatamente su differenti zone. L\u2019attenzione nel riprodurre i dettagli sonori, le\u00a0<strong>256 note di polifonia<\/strong>\u00a0e il sistema di diffusione sonora integrato da 50W rappresentano una combinazione perfetta di elementi insieme alla tastiera 88 tasti a pesatura graduale.<\/p>\n<h2><strong>L\u2019arpeggiatore dell\u2019Alesis Prestige Artist<\/strong><\/h2>\n<p>Per dare un ulteriore contributo creativo alle tue performance,\u00a0<strong>Alesis<\/strong>\u00a0ha aggiunto al pianoforte digitale\u00a0<strong>Prestige Artist<\/strong>\u00a0un arpeggiatore completamente configurabile. Dai 6 modi di riproduzione della successione di note alla divisione ritmica dell\u2019arpeggio, dall\u2019estensione sulle ottave alla lunghezza delle note (gate), dalla funzione\u00a0<strong>Latch<\/strong>\u00a0per mantenere attivo l\u2019arpeggio anche quando si sollevano le dita dai tasti alla possibilit\u00e0 di utilizzarlo su tutta la tastiera, oppure solo su uno dei suoni utilizzati in modo Split (parte alta o bassa della tastiera): l\u2019arpeggiatore del Prestige Artist \u00e8 un ottimo alleato per stimolare la tua vena creativa.<\/p>\n<h2><strong>Il pianoforte digitale perfetto per la didattica<\/strong><\/h2>\n<p>La modalit\u00e0\u00a0<strong>Lesson<\/strong>\u00a0dell\u2019<strong>Alesis Prestige Artist\u00a0<\/strong>separa la tastiera in due zone sulle quali sar\u00e0 disponibile esattamente lo stesso suono, quindi perfetta per l\u2019insegnamento in presenza dove il maestro e l\u2019allievo possono seguirsi a vicenda. Il metronomo integrato pu\u00f2 essere impostato a piacimento nel range che va dai 30 ai 280BPM, mentre la funzione\u00a0<strong>Record Mode<\/strong>\u00a0ci permette di registrare e riascoltare la nostra performance.<\/p>\n<h2><strong>Estrema versatilit\u00e0 audio<\/strong><\/h2>\n<p>Il sistema di amplificazione stereo integrato nell\u2019<strong>Alesis Prestige Artist\u00a0<\/strong>sfrutta un micro-array di diffusori acustici composto da 4 driver da 2,5\u201d, alimentati da 50W di potenza (25Wx2), e da 4 radiatori passivi da 2,5\u201d. Questo sistema di diffusione sonora \u00e8 stato appositamente progettato e calibrato per garantire la medesima rappresentazione acustica indipendentemente dal posizionamento dello strumento all\u2019interno della stanza, anche quando il nostro\u00a0<strong>piano digitale<\/strong>\u00a0si trova in prossimit\u00e0 di una parete. Per l\u2019utilizzo in sala prove o sul palco possiamo sfruttare le uscite audio bilanciate su connettori jack da \u00bc\u201d per collegarci ad un mixer, un amplificatore o direttamente a diffusori amplificati. Nel pannello frontale troviamo due uscite cuffia, una da \u00bc\u201d e l\u2019altra da 1\/8\u201d. Queste sono utilizzabili in contemporanea e una volta collegate le nostre cuffie si disattiver\u00e0 automaticamente l\u2019amplificazione integrata, per poter cos\u00ec suonare in assoluta libert\u00e0, senza disturbare i nostri famigliari o i vicini. A completare la dotazione dello strumento troviamo un leggio e un pedale sustain che ricalca la meccanica e le sembianze di un classico pedale per pianoforte acustico.<\/p>\n<p><img decoding=\"async\" src=\"https:\/\/www.algameko.com\/images\/uploads\/Alesis-Prestige-Artist-Pianoforte-digitale-30-suoni-tastiera-pesata-con-casse-integrate-USB-MIDI_43b4.jpg\" alt=\"Alesis Prestige Artist \u00e8 un pianoforte digitale con 30 suoni tastiera 88 tasti a pesatura graduale con casse integrate, display OLED, arpeggiatore, riverbero e porta USB MIDI\" \/><\/p>\n<h2><strong>Impara a suonare con l\u2019Alesis Prestige Artist<\/strong><\/h2>\n<p>*Come premio per aver scelto un\u00a0<strong>pianoforte digitale<\/strong>\u00a0della serie\u00a0<strong>Prestige Artist<\/strong>, Alesis ti mette a disposizione (previa registrazione dello strumento acquistato sul sito alesis.com) tre abbonamenti limitati nel tempo a servizi didattici e\u00a0<strong>corsi di pianoforte e tastiera<\/strong>\u00a0quali\u00a0<strong>Skoove Premium<\/strong>\u00a0(3 mesi),\u00a0<strong>TakeLessons &#8211; Live<\/strong>\u00a0(2 mesi) e ben 60 lezioni interattive con il noto applicativo software educational\u00a0<strong>Melodics<\/strong>\u00a0disponibile per computer e tablet.<\/p>\n<h2><strong>Caratteristiche Alesis Prestige Artist<\/strong><\/h2>\n<ul>\n<li>Tastiera 88 tasti a pesatura graduale<\/li>\n<li>Display OLED ad alta intelligibilit\u00e0<\/li>\n<li>Risposta dinamica regolabile: Soft, Medium, Hard o Fixed<\/li>\n<li><strong>Polifonia 256 voci<\/strong><\/li>\n<li><strong>30 suoni<\/strong>\u00a0(6 categorie con 5 varianti ciascuna)<\/li>\n<li>Pianoforti acustici, piani elettrici, organi e string\/synth<\/li>\n<li><strong>Arpeggiatore integrato<\/strong><\/li>\n<li>10 brani dimostrativi<\/li>\n<li>Modalit\u00e0: Layer, Split, Record e Lesson<\/li>\n<li>Metronomo impostabile dai 30 ai 280 BPM<\/li>\n<li>Amplificazione micro-array da 50W (25&#215;2)<\/li>\n<li>4 woofer da 2,5\u201d e 4 radiatori passivi da 2,5\u201d<\/li>\n<li>Uscite Jack TRS (bilanciate) da 1\/4\u201d (6.35 mm)<\/li>\n<li>Uscite cuffia: Jack 1\/4\u201d (6,35mm), mini-jack 1\/8\u201d (3,5mm)<\/li>\n<li>Ingresso Aux mini-jack stereo per sorgenti line esterne<\/li>\n<li>Ingresso Jack TRS per pedale Sustain da 1\/4\u201d (6.35 mm)<\/li>\n<li>Ingresso DIN per pedaliera a 3<\/li>\n<li>Porta USB MIDI su connettore tipo \u201cB\u201d<\/li>\n<li>Ingresso per adattatore di corrente 12V DC 3A (incluso in dotazione)<\/li>\n<li>Dimensioni e peso: 132,2&#215;29,7&#215;14,9cm; 12,8KG<\/li>\n<li>Include abbonamenti a servizi didattici*<\/li>\n<li>Nella confezione troverai: tastiera, leggio, alimentatore, pedale sustain, guida multilingua (Italiano incluso).<iframe loading=\"lazy\" title=\"Alesis Prestige Artist: Classical Piano Performance (Headphones Recommended)\" width=\"1220\" height=\"686\" src=\"https:\/\/www.youtube.com\/embed\/geUpsN-Cdcc?feature=oembed\" frameborder=\"0\" allow=\"accelerometer; autoplay; clipboard-write; encrypted-media; gyroscope; picture-in-picture; web-share\" referrerpolicy=\"strict-origin-when-cross-origin\" allowfullscreen><\/iframe><\/li>\n<\/ul>\n","protected":false},"excerpt":{"rendered":"<p>Pianoforte digitale con tastiera 88 tasti a pesatura graduale,<\/p>\n<p>30 suoni, 256 voci di polifonia, display OLED e un arpeggiatore configurabile dall\u2019utente.<\/p>\n<p>Sistema di\u00a0amplificazione micro-array integrato da 50W,<\/p>\n<p>porta USB MIDI per computer e device iOS.<\/p>\n","protected":false},"featured_media":2340,"template":"","meta":[],"product_brand":[],"product_cat":[136],"product_tag":[],"class_list":{"0":"post-2339","1":"product","2":"type-product","3":"status-publish","4":"has-post-thumbnail","6":"product_cat-pianoforti","8":"first","9":"instock","10":"shipping-taxable","11":"product-type-simple"},"_links":{"self":[{"href":"https:\/\/musicaliborgna.com\/index.php?rest_route=\/wp\/v2\/product\/2339","targetHints":{"allow":["GET"]}}],"collection":[{"href":"https:\/\/musicaliborgna.com\/index.php?rest_route=\/wp\/v2\/product"}],"about":[{"href":"https:\/\/musicaliborgna.com\/index.php?rest_route=\/wp\/v2\/types\/product"}],"wp:featuredmedia":[{"embeddable":true,"href":"https:\/\/musicaliborgna.com\/index.php?rest_route=\/wp\/v2\/media\/2340"}],"wp:attachment":[{"href":"https:\/\/musicaliborgna.com\/index.php?rest_route=%2Fwp%2Fv2%2Fmedia&parent=2339"}],"wp:term":[{"taxonomy":"product_brand","embeddable":true,"href":"https:\/\/musicaliborgna.com\/index.php?rest_route=%2Fwp%2Fv2%2Fproduct_brand&post=2339"},{"taxonomy":"product_cat","embeddable":true,"href":"https:\/\/musicaliborgna.com\/index.php?rest_route=%2Fwp%2Fv2%2Fproduct_cat&post=2339"},{"taxonomy":"product_tag","embeddable":true,"href":"https:\/\/musicaliborgna.com\/index.php?rest_route=%2Fwp%2Fv2%2Fproduct_tag&post=2339"}],"curies":[{"name":"wp","href":"https:\/\/api.w.org\/{rel}","templated":true}]}}