{"id":2586,"date":"2024-09-27T09:31:19","date_gmt":"2024-09-27T09:31:19","guid":{"rendered":"https:\/\/musicaliborgna.com\/?post_type=product&#038;p=2586"},"modified":"2024-09-27T09:31:19","modified_gmt":"2024-09-27T09:31:19","slug":"soundsation-mood-107-wash-testa-mobile-wash-con-7-led-da-10w-rgbw-4in1","status":"publish","type":"product","link":"https:\/\/musicaliborgna.com\/?product=soundsation-mood-107-wash-testa-mobile-wash-con-7-led-da-10w-rgbw-4in1","title":{"rendered":"SOUNDSATION MOOD 107 WASH Testa Mobile Wash con 7 LED da 10W RGBW 4in1"},"content":{"rendered":"<p>Sorgente Luminosa: 7 LED da 10W RGBW 4in1 ad alta luminosit\u00e0<br \/>\nDurata LED fra 80.000 e 100.000 ore<br \/>\n4 Modalit\u00e0 operative: Controllo DMX, Master\/Slave, Auto, Sound<br \/>\nModalit\u00e0 DMX: 9CH e 13CH<br \/>\nInterfaccia Utente con Display a LED, facile da usare<br \/>\nSorgente Luminosa: 7 LED da 10W RGBW 4in1 ad Alta Luminosit\u00e0<br \/>\nDurata LED: Fra 80.000 e 100.000 ore<br \/>\nAngolo del Fascio: 25\u00b0<br \/>\nPAN 540\u00b0, 16bit fine<br \/>\nTILT 270\u00b0, 16 bit fine<br \/>\nModalit\u00e0 Operative: Controllo DMX, Master\/Slave, Auto, Sound<br \/>\nModalit\u00e0 DMX: 9CH e 14CH<br \/>\nDimmer: Dimmer Elettronico Lineare 0-100%<br \/>\nAlimentazione: AC 100-240V \/ 50~60Hz<br \/>\nConsumo: 75W<br \/>\nFuribile: T2A\/250V (5x20mm)<br \/>\nDimensioni Faro (LxHxD): 175 x 240 x 175 mm<br \/>\nPeso Faro: 2.9 Kg<br \/>\nDimensioni Imballo (LxHxD): 280 x 250 x 230 mm<br \/>\nPeso Imballo 3.4 Kg<\/p>\n","protected":false},"excerpt":{"rendered":"<h4>Questa testa mobile \u00e8 compatta, leggera e molto facile da usare. \u00c8 l&#8217;ideale per qualsiasi lavoro di noleggio o installazione.<\/h4>\n<h4>L&#8217;unit\u00e0 pu\u00f2 essere controllata da qualsiasi controller DMX o in modalit\u00e0 standalone.<\/h4>\n<h4>Sorgente luminosa con 7 LED RGBW 4in1 a 10W ad alta luminosit\u00e0. L&#8217;angolo del fascio \u00e8 di 25 \u00b0.<\/h4>\n","protected":false},"featured_media":2587,"template":"","meta":[],"product_brand":[],"product_cat":[135,142],"product_tag":[],"class_list":{"0":"post-2586","1":"product","2":"type-product","3":"status-publish","4":"has-post-thumbnail","6":"product_cat-luci","7":"product_cat-usato","9":"first","10":"instock","11":"shipping-taxable","12":"product-type-simple"},"_links":{"self":[{"href":"https:\/\/musicaliborgna.com\/index.php?rest_route=\/wp\/v2\/product\/2586","targetHints":{"allow":["GET"]}}],"collection":[{"href":"https:\/\/musicaliborgna.com\/index.php?rest_route=\/wp\/v2\/product"}],"about":[{"href":"https:\/\/musicaliborgna.com\/index.php?rest_route=\/wp\/v2\/types\/product"}],"wp:featuredmedia":[{"embeddable":true,"href":"https:\/\/musicaliborgna.com\/index.php?rest_route=\/wp\/v2\/media\/2587"}],"wp:attachment":[{"href":"https:\/\/musicaliborgna.com\/index.php?rest_route=%2Fwp%2Fv2%2Fmedia&parent=2586"}],"wp:term":[{"taxonomy":"product_brand","embeddable":true,"href":"https:\/\/musicaliborgna.com\/index.php?rest_route=%2Fwp%2Fv2%2Fproduct_brand&post=2586"},{"taxonomy":"product_cat","embeddable":true,"href":"https:\/\/musicaliborgna.com\/index.php?rest_route=%2Fwp%2Fv2%2Fproduct_cat&post=2586"},{"taxonomy":"product_tag","embeddable":true,"href":"https:\/\/musicaliborgna.com\/index.php?rest_route=%2Fwp%2Fv2%2Fproduct_tag&post=2586"}],"curies":[{"name":"wp","href":"https:\/\/api.w.org\/{rel}","templated":true}]}}