{"id":2725,"date":"2025-03-20T16:10:12","date_gmt":"2025-03-20T16:10:12","guid":{"rendered":"https:\/\/musicaliborgna.com\/?post_type=product&#038;p=2725"},"modified":"2025-03-20T16:10:12","modified_gmt":"2025-03-20T16:10:12","slug":"mixer-alto-live-1604","status":"publish","type":"product","link":"https:\/\/musicaliborgna.com\/?product=mixer-alto-live-1604","title":{"rendered":"MIXER ALTO LIVE 1604"},"content":{"rendered":"<p>Questa serie di mixer audio della Alto Professional denominata LIVE si distingue per la presenza sui canali microfonici dei nuovi preamplificatori dal self noise contenuto e dall\u2019headroom importante denominati\u00a0<strong>DNA\u2122<\/strong>. Questi pre sono inseriti in un percorso del segnale ottimizzato al fine di preservare la qualit\u00e0 sonora. Un buon headroom si traduce in mixaggi pi\u00f9 puliti, grazie al contenimento delle distorsioni del segnale, per un suono sostanzialmente pi\u00f9 potente, comunque fedele a ci\u00f2 che si riceve in ingresso.<\/p>\n<p>I primi canali microfonici dei mixer della serie Live by\u00a0<strong>Alto Professional<\/strong>\u00a0sono equipaggiati di un particolare compressore che opera sui singoli channel strip mediante il controllo combinato di pi\u00f9 parametri da un unico potenziometro rotativo. Di questi compressori ne troviamo due nel modello LIVE 802 (canali 1 e 2), quattro nel LIVE 1202 (canali da 1 a 4), sei nel 1604 e ben 8 nel modello di punta della serie LIVE, il 2404.<\/p>\n<p>Altro plus di questa serie di mixer \u00e8 il multi-effetto integrato progettato dalla Alesis. Si tratta di un processore di segnale a 24-bit con a disposizione ben 100 effetti DSP tra i quali l\u2019utente potr\u00e0 selezionare quello applicabile via mandata ai vari canali del mixer. Nella dotazione effetti troveremo vari algoritmi di riverbero, delay, flanger, chorus, tremolo, etc. disponibili anche sotto forma di combinazioni di effetti (delay\/reverb, ad esempio) o pre-settati per campo d\u2019applicazione (Vocal).<\/p>\n<p>I mixer Alto Professional si distinguono per la presenza di una porta USB che funge da\u00a0<strong>interfaccia audio\u00a0<\/strong>di tipo class-compliant per il collegamento a computer PC Windows e Apple MacOS ed utile alla registrazione su\/riproduzione da computer di un canale audio stereo a 24-bit (2 In\/2 Out mono). Collegando questi mixer tramite cavo USB al tuo computer Mac o PC aggiungerai un\u2019interfaccia audio con un\u2019uscita e un ingresso stereo (full duplex), per registrare direttamente nei tuoi software audio preferiti il segnale in uscita dal mixer. Nei modelli Live 1604 e 2404 grazie a due selettori presenti nel retro potrai decidere se inviare via USB al computer il segnale riprodotto dall\u2019uscita Main Mix, o da quella Sub Mix \u00bd del mixer, nonch\u00e9 indirizzare l\u2019uscita del computer &#8211; cio\u00e8 il segnale riprodotto dal tuo software su computer e inviato via USB al mixer &#8211; direttamente nel canale Master, oppure ad un canale (il 15\/16 nel modello 1604, il 23\/24 nel 2404) nel quale potr\u00e0 essere processato come qualsiasi altra sorgente a mezzo di eq, etc..<\/p>\n<p><strong>Alto Professional Live 1604: Mixer audio 12 canali (8 mono\/4 stereo)<\/strong><br \/>\nAlto Professional Live 1604 \u00e8 un mixer 12 canali, di cui 8 mono con ingressi XLR microfonici e Line (Jack da \u00bc\u201d) sui quali troviamo la connessione insert per il collegamento di processori di segnale o multi-effetti esterni, oltre ad un compressore individuale integrato solo sui primi 6. 2 canali stereo (9\/10 e 11\/12) con ingressi Jack (L e R) da 1\/4\u201d sono eventualmente usufruibili come canali mic mono addizionali vista la presenza del connettore XLR microfonico. Si chiude con altri due canali (13\/14 e 15\/16) dotati solamente di ingressi L\/R Jack da \u00bc\u201d. I channel strip di ogni canale forniscono, oltre al fader da 6cm: controllo di guadagno, interruttore passa alte (solo dov\u2019\u00e8 presente ingresso XLR), equalizzatore a 3 bande con medi sweep sui canali mono e 4 bande (bassi, medio bassi, medio alte e alte) su quelli stereo, pan e le quattro mandate dedicate alle uscite ausiliarie (Aux Send) e al multi-effetto integrato, e i pulsanti mute e solo. Sui primi 6 canali \u00e8 presente il controllo rotativo per l\u2019applicazione del compressore. Per tutte le mandate, sulla destra del mixer vi \u00e8 il rispettivo potenziometro rotativo\u00a0 per il controllo del ritorno. Il mixer fornisce 4 sub-gruppi (BUS).<\/p>\n<p><strong>Caratteristiche Alto Professional Live 1604<\/strong><br \/>\n&#8211; 10 ingressi XLR con preamplificazione DNA<br \/>\n&#8211; Compressore intelligente sui primi 6 canali<br \/>\n&#8211; Eq a 3 bande con medi sweep<br \/>\n&#8211; 4 mandate Aux su ogni canale (1 e 2 pre\/post)<br \/>\n&#8211; 4 BUS indipendenti assegnabili<br \/>\n&#8211; Fader da 60mm, tasto mute, PFL\/AFL solo, LED<br \/>\n&#8211; 100 FX DSP by Alesis<br \/>\n&#8211; Eq grafico a 9 bande sul master<br \/>\n&#8211; Uscite bilanciate XLR e Jack da \u00bc\u201d<br \/>\n&#8211; Uscita Control\/Monitor su connettori Jack da \u00bc\u201d<br \/>\n&#8211; Uscita cuffia con controllo di volume indipendente<br \/>\n&#8211; Ingresso ed uscita stereo RCA \u201c2 Track\u201d<br \/>\n&#8211; Porta USB con funzione interfaccia audio stereo I\/O<\/p>\n","protected":false},"excerpt":{"rendered":"<p>Alto Professional LIVE1602 \u00e8 un mixer di 12 canali, di cui 8 mono con ingressi XLR microfonici e Line (Jack da \u00bc&#8221;),<\/p>\n<p>2 canali stereo (9\/10 e 11\/12) con ingressi Jack (L e R) da 1\/4&#8243; e altri due canali (13\/14 e 15\/16) dotati solamente di ingressi L\/R Jack da \u00bc&#8221;.<\/p>\n","protected":false},"featured_media":2726,"template":"","meta":[],"product_brand":[],"product_cat":[137,142],"product_tag":[],"class_list":{"0":"post-2725","1":"product","2":"type-product","3":"status-publish","4":"has-post-thumbnail","6":"product_cat-pro-audio","7":"product_cat-usato","9":"first","10":"instock","11":"shipping-taxable","12":"product-type-simple"},"_links":{"self":[{"href":"https:\/\/musicaliborgna.com\/index.php?rest_route=\/wp\/v2\/product\/2725","targetHints":{"allow":["GET"]}}],"collection":[{"href":"https:\/\/musicaliborgna.com\/index.php?rest_route=\/wp\/v2\/product"}],"about":[{"href":"https:\/\/musicaliborgna.com\/index.php?rest_route=\/wp\/v2\/types\/product"}],"wp:featuredmedia":[{"embeddable":true,"href":"https:\/\/musicaliborgna.com\/index.php?rest_route=\/wp\/v2\/media\/2726"}],"wp:attachment":[{"href":"https:\/\/musicaliborgna.com\/index.php?rest_route=%2Fwp%2Fv2%2Fmedia&parent=2725"}],"wp:term":[{"taxonomy":"product_brand","embeddable":true,"href":"https:\/\/musicaliborgna.com\/index.php?rest_route=%2Fwp%2Fv2%2Fproduct_brand&post=2725"},{"taxonomy":"product_cat","embeddable":true,"href":"https:\/\/musicaliborgna.com\/index.php?rest_route=%2Fwp%2Fv2%2Fproduct_cat&post=2725"},{"taxonomy":"product_tag","embeddable":true,"href":"https:\/\/musicaliborgna.com\/index.php?rest_route=%2Fwp%2Fv2%2Fproduct_tag&post=2725"}],"curies":[{"name":"wp","href":"https:\/\/api.w.org\/{rel}","templated":true}]}}