{"id":2747,"date":"2025-05-13T06:23:58","date_gmt":"2025-05-13T06:23:58","guid":{"rendered":"https:\/\/musicaliborgna.com\/?post_type=product&#038;p=2747"},"modified":"2025-05-13T06:23:58","modified_gmt":"2025-05-13T06:23:58","slug":"chitarra-esteve-modello-3","status":"publish","type":"product","link":"https:\/\/musicaliborgna.com\/?product=chitarra-esteve-modello-3","title":{"rendered":"CHITARRA ESTEVE MODELLO 3"},"content":{"rendered":"<h1>Mod.3 \u00e8 la chitarra classica del marchio spagnolo Esteve costruita con top in Cedro Massello, fasce e fondo in Sapele impiallacciato, manico in Okum\u00e8 e tastiera in Palissandro Indiano.<\/h1>\n<h2>PANORAMICA DELLE CHITARRE ESTEVE<\/h2>\n<p>Tutti gli strumenti prodotti da Esteve sono famosi per l&#8217;eccellente qualit\u00e0 dei materiali e delle finiture, che insieme al loro suono ineccepibile rendono l&#8217;esperienza di suonare e ascoltare una chitarra Esteve un momento indimenticabile. La passione e la dedizione che ha reso celebre a livello internazionale la societ\u00e0 Esteve \u00e8 garantita grazie al lavoro costante e minuzioso dei maestri liutai spagnoli. Ogni strumento Esteve \u00e8 il riflesso di un lavoro fatto a regola d&#8217;arte.<\/p>\n<h2>SPECIFICHE DELLA MOD 3 DI ESTEVE<\/h2>\n<p><strong>Top<\/strong>: Cedro Massello<br \/>\n<strong>Fasce e Fondo<\/strong>: Sapele Impiallacciato<br \/>\n<strong>Scala<\/strong>: 650mm<br \/>\n<strong>Manico<\/strong>: Okume<br \/>\n<strong>Legno Tastiera<\/strong>: Palissandro Indiano<br \/>\n<strong>Numero Tasti<\/strong>: 19<br \/>\n<strong>Capotasto<\/strong>: 52mm<br \/>\n<strong>Finitura<\/strong>: Lucida in Poliuretano<br \/>\n<strong>Ponte<\/strong>: Palissandro Indiano<br \/>\n<strong>Dots<\/strong>: Tasti 5 e 7<br \/>\n<strong>Corde<\/strong>: Savarez Corum Tensione Media<\/p>\n","protected":false},"excerpt":{"rendered":"<p>Mod.3 \u00e8 la chitarra classica del marchio spagnolo Esteve costruita con top in Cedro Massello,<\/p>\n<p>fasce e fondo in Sapele impiallacciato,<\/p>\n<p>manico in Okum\u00e8 e tastiera in Palissandro Indiano.<\/p>\n","protected":false},"featured_media":2748,"template":"","meta":[],"product_brand":[],"product_cat":[128,142],"product_tag":[],"class_list":{"0":"post-2747","1":"product","2":"type-product","3":"status-publish","4":"has-post-thumbnail","6":"product_cat-chitarre-e-bassi","7":"product_cat-usato","9":"first","10":"instock","11":"shipping-taxable","12":"product-type-simple"},"_links":{"self":[{"href":"https:\/\/musicaliborgna.com\/index.php?rest_route=\/wp\/v2\/product\/2747","targetHints":{"allow":["GET"]}}],"collection":[{"href":"https:\/\/musicaliborgna.com\/index.php?rest_route=\/wp\/v2\/product"}],"about":[{"href":"https:\/\/musicaliborgna.com\/index.php?rest_route=\/wp\/v2\/types\/product"}],"wp:featuredmedia":[{"embeddable":true,"href":"https:\/\/musicaliborgna.com\/index.php?rest_route=\/wp\/v2\/media\/2748"}],"wp:attachment":[{"href":"https:\/\/musicaliborgna.com\/index.php?rest_route=%2Fwp%2Fv2%2Fmedia&parent=2747"}],"wp:term":[{"taxonomy":"product_brand","embeddable":true,"href":"https:\/\/musicaliborgna.com\/index.php?rest_route=%2Fwp%2Fv2%2Fproduct_brand&post=2747"},{"taxonomy":"product_cat","embeddable":true,"href":"https:\/\/musicaliborgna.com\/index.php?rest_route=%2Fwp%2Fv2%2Fproduct_cat&post=2747"},{"taxonomy":"product_tag","embeddable":true,"href":"https:\/\/musicaliborgna.com\/index.php?rest_route=%2Fwp%2Fv2%2Fproduct_tag&post=2747"}],"curies":[{"name":"wp","href":"https:\/\/api.w.org\/{rel}","templated":true}]}}