{"id":2891,"date":"2026-01-20T18:03:08","date_gmt":"2026-01-20T18:03:08","guid":{"rendered":"https:\/\/musicaliborgna.com\/?post_type=product&#038;p=2891"},"modified":"2026-01-20T18:03:08","modified_gmt":"2026-01-20T18:03:08","slug":"korg-kross-2-61-super-matte-black","status":"publish","type":"product","link":"https:\/\/musicaliborgna.com\/?product=korg-kross-2-61-super-matte-black","title":{"rendered":"Korg KROSS 2-61 (Super Matte Black)"},"content":{"rendered":"<h1><strong>KROSS 2-61 MB<\/strong>\u00a0la\u00a0<strong>Music Workstation compatta<\/strong>\u00a0di\u00a0<strong>KORG\u00a0<\/strong>leggera e alimentata anche a batterie, ti mette a disposizione suoni ed effetti al pari delle workstation pi\u00f9 diffuse e blasonate. Facile da utilizzare, ideale per operare in mobilit\u00e0, con funzioni che stimolano e supportano la creativit\u00e0 musicale come il\u00a0<strong>Sequencer MIDI<\/strong>\u00a0con\u00a0<strong>Drum Track<\/strong>\u00a0e\u00a0<strong>arpeggiatore\u00a0<\/strong>polifonico, il\u00a0<strong>collegamento di\u00a0<\/strong>sorgenti esterne come un\u00a0<strong>microfono\u00a0<\/strong>o una\u00a0<strong>chitarra,\u00a0<\/strong>il\u00a0<strong>registratore audio Sound On<\/strong>\u00a0<strong>Sound<\/strong>, compongono nel loro insieme un potente package per la composizione e la produzione musicale.<\/h1>\n<p><iframe loading=\"lazy\" title=\"KORG KROSS 2-61 MB - Un mondo di musica!\" width=\"1220\" height=\"686\" src=\"https:\/\/www.youtube.com\/embed\/xnHxJRNmqO0?list=PLmwacsrItvLOGTeEi3cd1Q7qKqIku930s\" frameborder=\"0\" allow=\"accelerometer; autoplay; clipboard-write; encrypted-media; gyroscope; picture-in-picture; web-share\" referrerpolicy=\"strict-origin-when-cross-origin\" allowfullscreen><\/iframe><\/p>\n<h3><strong>KORG KROSS 2-61\u00a0 MB Caratteristiche di rilievo<\/strong><\/h3>\n<p><strong>KORG KROSS 2-61 MB\u00a0<\/strong>\u00e8 una<strong>\u00a0Workstation\u00a0<\/strong>leggera compatta, funzionante anche a batterie, concepita per operare in mobilit\u00e0, tastiera 61 tasti con Velocity, pi\u00f9 di\u00a0<strong>1.000 Program\/Combi<\/strong>\u00a0Preset, funzioni\u00a0<strong>Quick Layer\/Split<\/strong>,\u00a0<strong>128 memorie FAVORITE<\/strong>\u00a0per i suoni preferiti,\u00a0<strong>Master\/Insert FX: 134 tipi<\/strong>,\u00a0<strong>128 MB User<\/strong>\u00a0Sample RAM,\u00a0<strong>16 Sample Pad<\/strong>, 14 Secondi\u00a0ognuno, Sample Editing, Sequencer, Step Sequencer, Drum Track, Arpeggiatore, interfaccia utente intuitiva e veloce; porta\u00a0<strong>USB\/MIDI &amp; Audio<\/strong>, Slot per SD Card.<\/p>\n<h3><strong>KROSS 2-61\u00a0MB Preset accuratamente selezionati<\/strong><\/h3>\n<p>La qualit\u00e0 sonora dei sintetizzatori KORG gode dell&#8217;apprezzamento dei musicisti di tutto il mondo.\u00a0<strong>KROSS 2-61\u00a0 MB<\/strong>\u00a0non fa eccezione ed \u00e8 stato oggetto di una notevole evoluzione tecnologica: la\u00a0<strong>polifonia \u00e8\u00a0 ora 120 voci<\/strong>, con\u00a0<strong>1.075 Program<\/strong>\u00a0con un vasto assortimento di timbriche: piani acustici ed elettrici Multi- Layer, archi, Pad, Synt, ecc. Ogni categoria \u00e8 stata realizzata al meglio per un&#8217;ampia possibilit\u00e0 di utilizzo in ogni genere e situazione musicale, comprese le produzioni contemporanee come l&#8217;EDM, sia dal vivo che in studio.<\/p>\n<p><img decoding=\"async\" title=\"KROSS 2-61\u00a0 MB Seleziona direttamente le risorse sonore dello strumento tramite due manopole dedicate.\" src=\"https:\/\/algameko.com\/images\/uploads\/\/KORG-KROSS2-1200x630-04.jpg\" alt=\"KROSS 2-61\u00a0 MB Seleziona direttamente le risorse sonore dello strumento tramite due manopole dedicate.\" \/><\/p>\n<h3><strong>KROSS 2-61\u00a0 MB User Sample Memory<\/strong><\/h3>\n<p><strong>KROSS 2-61\u00a0MB<\/strong>\u00a0possiede un&#8217;area di 128 MB di memoria non volatile per i Sample PCM, che permette\u00a0di caricare librerie sonore aggiuntive espandendo quindi le capacit\u00e0 timbriche dello strumento.<\/p>\n<p>&nbsp;<\/p>\n<h3><strong>Generazione sonora EDS-i<\/strong><\/h3>\n<p><strong>KROSS 2-61 MB utilizza i<\/strong>l sofisticato sistema di generazione sonora\u00a0<strong>EDS-i Enhanced Definition Synthesis\u00a0<\/strong>acquisito direttamente dai sintetizzatori professionali KORG. \u00c8 possibile usare fino a 7 effetti contemporaneamente: 5 Insert, 2 Master, selezionabili in un ampio e versatile database con\u00a0<strong>134 tipi di effetti<\/strong>\u00a0diversi inclusi: reverberi, delay, Amp Modeling, unit\u00e0 Vintage ed anche\u00a0<strong>Vocoder.<\/strong><\/p>\n<h3><strong>Il Campionamento con i 16 Sampler Pads di KROSS 2-61 MB<\/strong><\/h3>\n<p><strong>KROSS 2-61 MB<\/strong>\u00a0pu\u00f2 campionare, e riprodurre i Sample tramite i 16 Pad sul pannello. \u00c8 possibile registrare dalla presa\u00a0<strong>LINE IN<\/strong>\u00a0e assegnare un campione Stereo ad ogni Pad con una durata massima di 14 secondi, possono essere attivati contemporaneamente fino a 4 Pads. \u00c8 disponibile un&#8217;ampia scelta di funzioni di Editing della forma d&#8217;onda del campione come:\u00a0Start\/End, Loop Point, Normalize, e persino il Resampling, per ricampionare direttamente all&#8217;interno di\u00a0<strong>KROSS 2<\/strong>, senza la necessit\u00e0 di alcun dispositivo esterno; \u00e8 inoltre possibile assegnare ai Pads file audio di notevole lunghezza memorizzati su una\u00a0<strong>Card SD (Opzionale)<\/strong>.<\/p>\n<p><img decoding=\"async\" title=\"KROSS 2-61 MB pu\u00f2 campionare, e riprodurre i Sample tramite i 16 Pad sul pannello. \u00c8 possibile registrare dalla presa LINE IN e assegnare un campione Stereo ad ogni Pad con una durata massima di 14 secondi\" src=\"https:\/\/algameko.com\/images\/uploads\/\/KORG-KROSS2-1200x630-01.jpg\" alt=\"KROSS 2-61 MB pu\u00f2 campionare, e riprodurre i Sample tramite i 16 Pad sul pannello. \u00c8 possibile registrare dalla presa LINE IN e assegnare un campione Stereo ad ogni Pad con una durata massima di 14 secondi\" \/><\/p>\n<h3><strong>Parametri ad accesso immediato<\/strong><\/h3>\n<p>Su<strong>\u00a0KROSS 2-61 MB \u00a0<\/strong>\u00e8 facile navigare grazie al pannello comandi ottimizzato che velocizza l&#8217;accesso a suoni e funzioni.\u00a0La\u00a0<strong>Sezione dei controlli in tempo reale\u00a0<\/strong>agisce direttamente sui parametri principali di\u00a0<strong>KROSS 2<\/strong>\u00a0senza dover passare su molti menu, queste manopole controllano in tempo reale suoni, effetti, l&#8217;editing dei Program, modificano le impostazioni del vocoder, o regolano il tempo dell&#8217;arpeggiatore e del sequencer.<\/p>\n<h3><strong>KROSS 2-61 MB i Favorite<\/strong><\/h3>\n<p>Questa funzione memorizza le risorse sonore (Program &amp; Combi), usate con maggior frequenza, per richiamarle immediatamente. Abbiamo\u00a0<strong>128\u00a0<\/strong>locazioni\u00a0<strong>FAVORITE<\/strong>, una funzione di fondamentale importanza specialmente dal vivo\u00a0per accedere velocemente ai\u00a0i suoni necessari per le nostre Performance.<\/p>\n<h3><strong>Quick Layer\/Split\u00a0<\/strong><\/h3>\n<p>Questo tasto dedicato sul pannello\u00a0sovrappone immediatamente due Program (<strong>Layer<\/strong>) o divide la tastiera (<strong>Split<\/strong>)\u00a0 in due zone sinistra e destra con due timbri distinti, con una sola operazione facile e veloce!<\/p>\n<h3><strong>Category Dial\u00a0<\/strong><\/h3>\n<p>Richiama immediatamente i suoni nell&#8217;ampio database disponibile; basta scegliere la famiglia principale come: piano, organo ecc. e quindi richiamare il timbro al suo interno in modo rapido e intuitivo.<\/p>\n<h3><strong>KROSS 2-61 MB funziona anche a batteria<\/strong><\/h3>\n<p><strong>KROSS 2-61 MB<\/strong>\u00a0\u00e8 leggero, portatile con un Design compatto e un peso molto contenuto, l&#8217;ottimizzazione nell&#8217;efficienza energetica gli consente fino a 7 ore di funzionamento con 6 batterie AA.\u00a0<strong><a href=\"https:\/\/www.algameko.com\/it\/music-workstation\/korg\/kross288mb\">KROSS 2 88 MB<\/a><a href=\"http:\/\/www.algameko.com\/it\/music-workstation\/korg\/kross288mb\">\u00a0il modello 88 tasti<\/a>,\u00a0<\/strong>possiede inoltre un vano accessorio che pu\u00f2 contenere pile o cavi di scorta, nonch\u00e9 il pannello delle batterie facilmente accessibile sul lato anteriore. Su entrambi i modelli, il logo\u00a0<strong>KORG\u00a0<\/strong>sul pannello posteriore \u00e8 illuminato, un elemento ulteriore per\u00a0distinguersi sul palco.<\/p>\n<p><img decoding=\"async\" title=\"KROSS 2-61 MB registra in tempo reale una performance sullo strumento comprese le sorgenti esterne come la voce.\" src=\"https:\/\/algameko.com\/images\/uploads\/\/KROSS2_1200x630_02.jpg\" alt=\"KROSS 2-61 MB registra in tempo reale una performance sullo strumento comprese le sorgenti esterne come la voce.\" \/><\/p>\n<h3><strong>L&#8217;audio Player\/Recorder di KROSS 2-61 MB\u00a0<\/strong><\/h3>\n<p>Il registratore audio stereo interno consente di registrare le performance su\u00a0<strong>KROSS 2-61 MB<\/strong>, sovrapponendo anche una sorgente sonora esterna come ad esempio la voce. \u00c8 anche possibile gestire la riproduzione dell&#8217;audio dai 16 Pad, assegnandogli suoni o file audio importati. A differenza del campionamento, l&#8217;Audio Recorder consente registrazioni con tempi maggiori, e la riproduzione limitata solo dalla capacit\u00e0 della\u00a0<strong>SD Card<\/strong>\u00a0che stiamo usando. Premendo i Pad durante una Performance con la tastiera \u00e8 cos\u00ec possibile attivare effetti sonori, o basi di supporto alla propria esecuzione.<\/p>\n<p><img decoding=\"async\" title=\"KROSS 2-61 MB \u00e8 un completo centro di produzione musicale, componi, arrangi, prendi appunti, praticamente ovunque\" src=\"https:\/\/algameko.com\/images\/uploads\/\/KROSS2_1200x630_04.jpg\" alt=\"KROSS 2-61 MB \u00e8 un completo centro di produzione musicale, componi, arrangi, prendi appunti, praticamente ovunque\" \/><\/p>\n<h3><strong>KROSS 2-61 MB realizza le idee musicali<\/strong><\/h3>\n<p>Il Sequencer MIDI 16 tracce pu\u00f2 registrare l&#8217;esecuzione sulla tastiera, i movimenti dei Controller ed anche le performance con il Pad Sampler, un supporto semplice ed immediato per realizzare le vostre idee musicali.<\/p>\n<ul>\n<li><strong>Step Sequencer &#8211;\u00a0<\/strong>Consente di creare rapidamente ed in modo intuitivo Pattern ritmici, fino a 64 Step con i 16 Pad .<\/li>\n<li><strong>Drum Track &#8211;\u00a0<\/strong>aggiunge il supporto ritmico percussivo alle vostre esecuzioni, premendo semplicemente un tasto. \u00c8 possibile scegliere tra pi\u00f9 di 700 diversi Drum Pattern in grado di coprire un&#8217;ampia variet\u00e0 di stili e generi musicali.<\/li>\n<li><strong>Arpeggiatore &#8211;\u00a0<\/strong>Questa funzione \u00e8 una grande fonte di supporto musicale e di ispirazione, \u00e8 sufficiente premere semplicemente i tasti per generare, arpeggi, frasi ritmiche, riff di basso, o accompagnamenti di chitarra.<\/li>\n<\/ul>\n<p><img decoding=\"async\" title=\"Collegando un microfono su KROSS 2-61 MB e selezionando il vocoder puoi ottenere facilmente i suoi effetti vocali pi\u00f9 caratteristici\" src=\"https:\/\/algameko.com\/images\/uploads\/\/KROSS2_1200x630_05.jpg\" alt=\"Collegando un microfono su KROSS 2-61 MB e selezionando il vocoder puoi ottenere facilmente i suoi effetti vocali pi\u00f9 caratteristici\" \/><\/p>\n<h3><strong>Il Vocoder di KROSS 2-61 MB<\/strong><\/h3>\n<p>KROSS 2 possiede una presa MIC IN da 1\/4&#8243; per collegare direttamente un microfono, senza la necessit\u00e0 di usare apparecchiature esterne. Oltre al microfono \u00e8 possibile connettere un lettore audio o un generatore sonoro, grazie ad una una apposita presa Mini-jack LINE INPUT Stereo. E&#8217; possibile inoltre processare la voce con un\u00a0<strong>Vocoder\u00a0<\/strong>ottenendo\u00a0<strong>l<\/strong>a timbrica caratteristica e controllandolola in tempo reale dall&#8217;apposita sezione sul pannello.<\/p>\n<p><img decoding=\"async\" title=\"La porta USB di KROSS 2-61 MB oltre a trasmettere e ricevere i dati MIDI, pu\u00f2 operare anche come interfaccia audio, \u00e8 quindi possibile collegare la workstation\u00a0al computer (Mac o Windows), e registrare su DAW, o suonare lo strumento in combinazione con iPad o iPhone. A questo proposito possono essere usate come generatori sonori aggiuntivi, le App di alta qualit\u00e0 realizzate da KORG, oppure \u00e8 possibile esibirsi usando come supporto, delle tracce musicali realizzate con l'applicazione KORG Gadget DAW, il tutto utilizzando un singolo cavo USB.\" src=\"https:\/\/algameko.com\/images\/uploads\/\/KROSS2_1200x630_01.jpg\" alt=\"La porta USB di KROSS 2-61 MB oltre a trasmettere e ricevere i dati MIDI, pu\u00f2 operare anche come interfaccia audio, \u00e8 quindi possibile collegare la workstation\u00a0al computer (Mac o Windows), e registrare su DAW, o suonare lo strumento in combinazione con iPad o iPhone. A questo proposito possono essere usate come generatori sonori aggiuntivi, le App di alta qualit\u00e0 realizzate da KORG, oppure \u00e8 possibile esibirsi usando come supporto, delle tracce musicali realizzate con l'applicazione KORG Gadget DAW, il tutto utilizzando un singolo cavo USB.\" \/><\/p>\n<h3><strong>Le funzioni da interfaccia Audio USB di\u00a0KROSS 2-61 MB<\/strong><\/h3>\n<p>La porta\u00a0<strong>USB\u00a0<\/strong>di\u00a0<strong>KROSS 2-61 MB<\/strong>\u00a0oltre a trasmettere e ricevere i dati MIDI, pu\u00f2 operare anche come interfaccia audio, \u00e8 quindi possibile collegare la workstation\u00a0al computer (<strong>Mac o Windows<\/strong>), e registrare su DAW, o suonare lo strumento in combinazione con iPad o iPhone. A questo proposito possono essere usate come generatori sonori aggiuntivi, le App di alta qualit\u00e0 realizzate da KORG, oppure \u00e8 possibile esibirsi usando come supporto, delle tracce musicali realizzate con l&#8217;applicazione KORG Gadget DAW, il tutto utilizzando un singolo cavo USB.<br \/>\nSono inoltre disponibili un\u00a0<strong>Editor<\/strong>\u00a0ed un\u00a0<strong>Plug-in Editor<\/strong>\u00a0dedicati a\u00a0<strong>KROSS 2<\/strong>. Questi software permettono l&#8217;Editing su computer di tutti i parametri di sintesi dello strumento, con la loro visualizzazione simultanea su monitor. Oppure consentono la gestione completa dello strumento all&#8217;interno della DAW utilizzata, come se fosse un sintetizzatore software.<\/p>\n","protected":false},"excerpt":{"rendered":"<p>Synth Workstation compatta, colore nero, tastiera 61 tasti con Velocity,<\/p>\n<p>pi\u00f9 di 1.000 Program\/Combi Preset, Quick Layer\/Split, 128 FAVORITE,<\/p>\n<p>Master\/Insert FX: 134 tipi, 128 MB User Sample RAM, 16 Sample Pad, 14 sec. ognuno,<\/p>\n<p>Sample Editing, Sequencer, Step Seq., Drum Track, Arpeggiatore<\/p>\n","protected":false},"featured_media":2892,"template":"","meta":[],"product_brand":[],"product_cat":[140],"product_tag":[],"class_list":{"0":"post-2891","1":"product","2":"type-product","3":"status-publish","4":"has-post-thumbnail","6":"product_cat-tastiere-e-synth","8":"first","9":"instock","10":"shipping-taxable","11":"product-type-simple"},"_links":{"self":[{"href":"https:\/\/musicaliborgna.com\/index.php?rest_route=\/wp\/v2\/product\/2891","targetHints":{"allow":["GET"]}}],"collection":[{"href":"https:\/\/musicaliborgna.com\/index.php?rest_route=\/wp\/v2\/product"}],"about":[{"href":"https:\/\/musicaliborgna.com\/index.php?rest_route=\/wp\/v2\/types\/product"}],"wp:featuredmedia":[{"embeddable":true,"href":"https:\/\/musicaliborgna.com\/index.php?rest_route=\/wp\/v2\/media\/2892"}],"wp:attachment":[{"href":"https:\/\/musicaliborgna.com\/index.php?rest_route=%2Fwp%2Fv2%2Fmedia&parent=2891"}],"wp:term":[{"taxonomy":"product_brand","embeddable":true,"href":"https:\/\/musicaliborgna.com\/index.php?rest_route=%2Fwp%2Fv2%2Fproduct_brand&post=2891"},{"taxonomy":"product_cat","embeddable":true,"href":"https:\/\/musicaliborgna.com\/index.php?rest_route=%2Fwp%2Fv2%2Fproduct_cat&post=2891"},{"taxonomy":"product_tag","embeddable":true,"href":"https:\/\/musicaliborgna.com\/index.php?rest_route=%2Fwp%2Fv2%2Fproduct_tag&post=2891"}],"curies":[{"name":"wp","href":"https:\/\/api.w.org\/{rel}","templated":true}]}}