{"id":905,"date":"2024-03-20T08:17:11","date_gmt":"2024-03-20T08:17:11","guid":{"rendered":"https:\/\/musicaliborgna.com\/?post_type=product&#038;p=905"},"modified":"2024-03-20T08:17:11","modified_gmt":"2024-03-20T08:17:11","slug":"eko-guitars-vibra-200-natural","status":"publish","type":"product","link":"https:\/\/musicaliborgna.com\/?product=eko-guitars-vibra-200-natural","title":{"rendered":"EKO GUITARS &#8211; VIBRA 200 NATURAL"},"content":{"rendered":"<h1>La Vibra 200 Natural \u00e8 la chitarra classica della serie &#8220;Vibra&#8221; di Eko Guitars con top in Cedro massello, fasce e fondo in Mogano laminato, manico in Mogano e tastiera in South American Roupan\u00e0. \u00c8 ideale per chi ha necessit\u00e0 di un upgrade rispetto ad uno strumento per iniziare. \u00c8 il primo modello della serie realizzato con top massello, seguendo la tradizione liuteristica spagnola e ad un costo contenuto.<\/h1>\n<h2>PANORAMICA DELLA VIBRA 200 NATURAL DI EKO GUITARS<\/h2>\n<p>La serie VIBRA \u00e8 studiata per gli studenti di chitarra classica. Il modello 200 rappresenta il punto di contatto tra una chitarra performante ed economica (con il top in Massello) e le chitarre di fascia alta. Studiata appositamente per gli studenti pi\u00f9 esigenti che vogliono coniugare la qualit\u00e0 al prezzo, presenta top in Cedro Massello, Fasce e fondo in Mogano, Tastiera e ponte in South American Roupan\u00e0, manico performante in Mogano selezionato, meccaniche precise e robuste. Il M\u00b0 Liutaio Roberto Fontanot ha preparato questo strumento seguendo la tradizione delle &#8220;Chitarre Spagnole&#8221;, quindi tenendo conto delle esigenze degli Studenti e degli insegnanti di Chitarra Classica.<\/p>\n<h2>PUNTI DI FORZA DELLA VIBRA 200 NATURAL DI EKO GUITARS<\/h2>\n<ul>\n<li>Top in Cedro massello, fasce e fondo in Mogano laminato;<\/li>\n<li>Rapporto qualit\u00e0\/prezzo.<\/li>\n<\/ul>\n<h2>SPECIFICHE DELLA VIBRA 200 NATURAL DI EKO GUITARS<\/h2>\n<p><strong>Formato<\/strong>: 4\/4<br \/>\n<strong>Colore<\/strong>: Natural<br \/>\n<strong>Materiale Top<\/strong>: Cedro massello<br \/>\n<strong>Materiale Fasce e Fondo<\/strong>: Mogano laminato<br \/>\n<strong>Materiale Manico<\/strong>: Mogano<br \/>\n<strong>Materiale Tastiera<\/strong>: South American Roupan\u00e0<br \/>\n<strong>Materiale Ponte<\/strong>: South American Roupan\u00e0<br \/>\n<strong>Larghezza Capotasto<\/strong>: 52 mm<br \/>\n<strong>Scala<\/strong>: 650 mm<br \/>\n<strong>Numero Tasti<\/strong>: 19<br \/>\n<strong>Finitura Corpo<\/strong>: Gloss<br \/>\n<strong>Finitura Manico<\/strong>: Gloss<br \/>\n<strong>Custodia<\/strong>: n\/d<br \/>\n<strong>Corde consigliate<\/strong>: Eko\u00a0CLASSICA 28-43 MEDIUM TENSION SET\/6<\/p>\n<p><iframe loading=\"lazy\" title=\"Eko Guitars - Vibra 200\" width=\"1220\" height=\"686\" src=\"https:\/\/www.youtube.com\/embed\/UiOR91hWwBk?feature=oembed\" frameborder=\"0\" allow=\"accelerometer; autoplay; clipboard-write; encrypted-media; gyroscope; picture-in-picture; web-share\" allowfullscreen><\/iframe><\/p>\n","protected":false},"excerpt":{"rendered":"<p>La Vibra 200 Natural \u00e8 la chitarra classica della serie &#8220;Vibra&#8221; di Eko Guitars con top in Cedro massello,<\/p>\n<p>fasce e fondo in Mogano laminato, manico in Mogano e tastiera in South American Roupan\u00e0.<\/p>\n<p>\u00c8 ideale per chi ha necessit\u00e0 di un upgrade rispetto ad uno strumento per iniziare.<\/p>\n","protected":false},"featured_media":906,"template":"","meta":[],"product_brand":[],"product_cat":[128],"product_tag":[],"class_list":{"0":"post-905","1":"product","2":"type-product","3":"status-publish","4":"has-post-thumbnail","6":"product_cat-chitarre-e-bassi","8":"first","9":"instock","10":"shipping-taxable","11":"product-type-simple"},"_links":{"self":[{"href":"https:\/\/musicaliborgna.com\/index.php?rest_route=\/wp\/v2\/product\/905","targetHints":{"allow":["GET"]}}],"collection":[{"href":"https:\/\/musicaliborgna.com\/index.php?rest_route=\/wp\/v2\/product"}],"about":[{"href":"https:\/\/musicaliborgna.com\/index.php?rest_route=\/wp\/v2\/types\/product"}],"wp:featuredmedia":[{"embeddable":true,"href":"https:\/\/musicaliborgna.com\/index.php?rest_route=\/wp\/v2\/media\/906"}],"wp:attachment":[{"href":"https:\/\/musicaliborgna.com\/index.php?rest_route=%2Fwp%2Fv2%2Fmedia&parent=905"}],"wp:term":[{"taxonomy":"product_brand","embeddable":true,"href":"https:\/\/musicaliborgna.com\/index.php?rest_route=%2Fwp%2Fv2%2Fproduct_brand&post=905"},{"taxonomy":"product_cat","embeddable":true,"href":"https:\/\/musicaliborgna.com\/index.php?rest_route=%2Fwp%2Fv2%2Fproduct_cat&post=905"},{"taxonomy":"product_tag","embeddable":true,"href":"https:\/\/musicaliborgna.com\/index.php?rest_route=%2Fwp%2Fv2%2Fproduct_tag&post=905"}],"curies":[{"name":"wp","href":"https:\/\/api.w.org\/{rel}","templated":true}]}}