{"id":920,"date":"2024-03-20T08:48:46","date_gmt":"2024-03-20T08:48:46","guid":{"rendered":"https:\/\/musicaliborgna.com\/?post_type=product&#038;p=920"},"modified":"2024-03-20T08:48:46","modified_gmt":"2024-03-20T08:48:46","slug":"esteve-7sr-chitarra-classica","status":"publish","type":"product","link":"https:\/\/musicaliborgna.com\/?product=esteve-7sr-chitarra-classica","title":{"rendered":"ESTEVE &#8211; 7SR CHITARRA CLASSICA"},"content":{"rendered":"<h1>La 7SR \u00e8 la chitarra classica del marchio spagnolo Esteve costruita con top in Cedro Massello, fasce e fondo in Palissandro Indiano Massello, manico in Mogano Africano e tastiera in Palissandro Indiano.<\/h1>\n<h2><strong>PANORAMICA DELLE CHITARRE ESTEVE<\/strong><\/h2>\n<p>Tutti gli strumenti prodotti da Esteve sono famosi per l&#8217;eccellente qualit\u00e0 dei materiali e delle finiture, che insieme al loro suono ineccepibile rendono l&#8217;esperienza di suonare e ascoltare una chitarra Esteve un momento indimenticabile. La passione e la dedizione che ha reso celebre a livello internazionale la societ\u00e0 Esteve \u00e8 garantita grazie al lavoro costante e minuzioso dei maestri liutai spagnoli. Ogni strumento Esteve \u00e8 il riflesso di un lavoro fatto a regola d&#8217;arte.<\/p>\n<h2><strong>SPECIFICHE DELLA 7SR DI ESTEVE<\/strong><\/h2>\n<p><strong>Top<\/strong>: Cedro Massello<br \/>\n<strong>Fasce e Fondo<\/strong>: Ovangkol Massello<br \/>\n<strong>Scala<\/strong>: 650mm<br \/>\n<strong>Manico<\/strong>: Mogano Africano<br \/>\n<strong>Legno Tastiera<\/strong>: Palissandro Indiano<br \/>\n<strong>Numero Tasti<\/strong>: 19<br \/>\n<strong>Capotasto<\/strong>: 52mm<br \/>\n<strong>Finitura<\/strong>: Lucida in Poliuretano<br \/>\n<strong>Ponte<\/strong>: Palissandro Indiano<br \/>\n<strong>Dots<\/strong>: Tasti 5 e 7<br \/>\n<strong>Corde<\/strong>: Savarez Corum Tensione Media<\/p>\n","protected":false},"excerpt":{"rendered":"<p>La 7SR \u00e8 la chitarra classica del marchio spagnolo Esteve costruita con top in Cedro Massello,<\/p>\n<p>fasce e fondo in Palissandro Indiano Massello,<\/p>\n<p>manico in Mogano Africano e tastiera in Palissandro Indiano.<\/p>\n","protected":false},"featured_media":921,"template":"","meta":[],"product_brand":[],"product_cat":[128],"product_tag":[],"class_list":{"0":"post-920","1":"product","2":"type-product","3":"status-publish","4":"has-post-thumbnail","6":"product_cat-chitarre-e-bassi","8":"first","9":"instock","10":"shipping-taxable","11":"product-type-simple"},"_links":{"self":[{"href":"https:\/\/musicaliborgna.com\/index.php?rest_route=\/wp\/v2\/product\/920","targetHints":{"allow":["GET"]}}],"collection":[{"href":"https:\/\/musicaliborgna.com\/index.php?rest_route=\/wp\/v2\/product"}],"about":[{"href":"https:\/\/musicaliborgna.com\/index.php?rest_route=\/wp\/v2\/types\/product"}],"wp:featuredmedia":[{"embeddable":true,"href":"https:\/\/musicaliborgna.com\/index.php?rest_route=\/wp\/v2\/media\/921"}],"wp:attachment":[{"href":"https:\/\/musicaliborgna.com\/index.php?rest_route=%2Fwp%2Fv2%2Fmedia&parent=920"}],"wp:term":[{"taxonomy":"product_brand","embeddable":true,"href":"https:\/\/musicaliborgna.com\/index.php?rest_route=%2Fwp%2Fv2%2Fproduct_brand&post=920"},{"taxonomy":"product_cat","embeddable":true,"href":"https:\/\/musicaliborgna.com\/index.php?rest_route=%2Fwp%2Fv2%2Fproduct_cat&post=920"},{"taxonomy":"product_tag","embeddable":true,"href":"https:\/\/musicaliborgna.com\/index.php?rest_route=%2Fwp%2Fv2%2Fproduct_tag&post=920"}],"curies":[{"name":"wp","href":"https:\/\/api.w.org\/{rel}","templated":true}]}}